Last updated on 2025-02-16 09:50:52 CET.
Flavor | Version | Tinstall | Tcheck | Ttotal | Status | Flags |
---|---|---|---|---|---|---|
r-devel-linux-x86_64-debian-clang | 1.30.1 | 86.53 | 200.31 | 286.84 | OK | |
r-devel-linux-x86_64-debian-gcc | 1.30.1 | 59.80 | 128.40 | 188.20 | OK | |
r-devel-linux-x86_64-fedora-clang | 1.30.1 | 501.99 | OK | |||
r-devel-linux-x86_64-fedora-gcc | 1.30.1 | 463.76 | OK | |||
r-devel-macos-arm64 | 1.30.1 | 121.00 | OK | |||
r-devel-macos-x86_64 | 1.30.1 | 204.00 | OK | |||
r-devel-windows-x86_64 | 1.30.1 | 92.00 | 224.00 | 316.00 | OK | |
r-patched-linux-x86_64 | 1.30.1 | 85.43 | 182.74 | 268.17 | OK | |
r-release-linux-x86_64 | 1.30.1 | 79.40 | 182.62 | 262.02 | OK | |
r-release-macos-arm64 | 1.30.1 | 109.00 | NOTE | |||
r-release-macos-x86_64 | 1.30.1 | 257.00 | NOTE | |||
r-release-windows-x86_64 | 1.30.1 | 94.00 | 225.00 | 319.00 | OK | |
r-oldrel-macos-arm64 | 1.30.1 | 111.00 | NOTE | |||
r-oldrel-macos-x86_64 | 1.30.1 | 191.00 | NOTE | |||
r-oldrel-windows-x86_64 | 1.30.1 | 118.00 | 275.00 | 393.00 | OK |
Version: 1.30.1
Check: installed package size
Result: NOTE
installed size is 5.5Mb
sub-directories of 1Mb or more:
R 2.3Mb
libs 2.6Mb
Flavors: r-release-macos-arm64, r-release-macos-x86_64, r-oldrel-macos-arm64, r-oldrel-macos-x86_64