Last updated on 2025-02-16 09:50:52 CET.
Flavor | Version | Tinstall | Tcheck | Ttotal | Status | Flags |
---|---|---|---|---|---|---|
r-devel-linux-x86_64-debian-clang | 1.3.8 | 2.23 | 25.31 | 27.54 | NOTE | |
r-devel-linux-x86_64-debian-gcc | 1.3.8 | 1.76 | 20.58 | 22.34 | NOTE | |
r-devel-linux-x86_64-fedora-clang | 1.3.8 | 44.61 | NOTE | |||
r-devel-linux-x86_64-fedora-gcc | 1.3.8 | 43.57 | NOTE | |||
r-devel-macos-arm64 | 1.3.8 | 20.00 | NOTE | |||
r-devel-macos-x86_64 | 1.3.8 | 45.00 | NOTE | |||
r-devel-windows-x86_64 | 1.3.8 | 4.00 | 50.00 | 54.00 | NOTE | |
r-patched-linux-x86_64 | 1.3.8 | 2.52 | 24.38 | 26.90 | NOTE | |
r-release-linux-x86_64 | 1.3.8 | 2.30 | 24.30 | 26.60 | NOTE | |
r-release-macos-arm64 | 1.3.8 | 23.00 | NOTE | |||
r-release-macos-x86_64 | 1.3.8 | 28.00 | NOTE | |||
r-release-windows-x86_64 | 1.3.8 | 3.00 | 51.00 | 54.00 | NOTE | |
r-oldrel-macos-arm64 | 1.3.8 | 20.00 | OK | |||
r-oldrel-macos-x86_64 | 1.3.8 | 28.00 | OK | |||
r-oldrel-windows-x86_64 | 1.3.8 | 4.00 | 66.00 | 70.00 | OK |
Version: 1.3.8
Check: Rd files
Result: NOTE
checkRd: (-1) sda.Rd:36-37: Lost braces in \itemize; meant \describe ?
checkRd: (-1) sda.Rd:38: Lost braces in \itemize; meant \describe ?
checkRd: (-1) sda.Rd:40: Lost braces in \itemize; meant \describe ?
checkRd: (-1) sda.package.Rd:22: Lost braces in \itemize; meant \describe ?
checkRd: (-1) sda.package.Rd:23: Lost braces in \itemize; meant \describe ?
checkRd: (-1) sda.package.Rd:24: Lost braces in \itemize; meant \describe ?
Flavors: r-devel-linux-x86_64-debian-clang, r-devel-linux-x86_64-debian-gcc, r-devel-linux-x86_64-fedora-clang, r-devel-linux-x86_64-fedora-gcc, r-devel-macos-arm64, r-devel-macos-x86_64, r-devel-windows-x86_64, r-patched-linux-x86_64, r-release-linux-x86_64, r-release-macos-arm64, r-release-macos-x86_64, r-release-windows-x86_64