CRAN Package Check Results for Package scanstatistics

Last updated on 2025-10-17 09:50:11 CEST.

Flavor Version Tinstall Tcheck Ttotal Status Flags
r-devel-linux-x86_64-debian-clang 1.1.1 86.71 110.46 197.17 WARN
r-devel-linux-x86_64-debian-gcc 1.1.1 55.18 78.40 133.58 WARN
r-devel-linux-x86_64-fedora-clang 1.1.2 252.54 OK
r-devel-linux-x86_64-fedora-gcc 1.1.2 188.52 OK
r-devel-windows-x86_64 1.1.1 102.00 123.00 225.00 NOTE
r-patched-linux-x86_64 1.1.1 85.70 100.33 186.03 NOTE
r-release-linux-x86_64 1.1.1 87.65 101.26 188.91 NOTE
r-release-macos-arm64 1.1.2 80.00 OK
r-release-macos-x86_64 1.1.2 157.00 OK
r-release-windows-x86_64 1.1.2 95.00 132.00 227.00 OK
r-oldrel-macos-arm64 1.1.2 85.00 OK
r-oldrel-macos-x86_64 1.1.2 159.00 OK
r-oldrel-windows-x86_64 1.1.1 122.00 161.00 283.00 NOTE

Check Details

Version: 1.1.1
Check: whether package can be installed
Result: WARN Found the following significant warnings: /home/hornik/tmp/R.check/r-devel-clang/Work/build/Packages/RcppArmadillo/include/RcppArmadillo/version/arma.h:66:17: warning: Using fallback compilation with Armadillo 14.6.3. Please consider defining -DARMA_USE_CURRENT and also removing C++11 compilation directive. See GitHub issue #475 for more. [-W#pragma-messages] See ‘/home/hornik/tmp/R.check/r-devel-clang/Work/PKGS/scanstatistics.Rcheck/00install.out’ for details. * used C++ compiler: ‘Debian clang version 19.1.7 (7)’ Flavor: r-devel-linux-x86_64-debian-clang

Version: 1.1.1
Check: C++ specification
Result: NOTE Specified C++11: please drop specification unless essential Flavors: r-devel-linux-x86_64-debian-clang, r-devel-linux-x86_64-debian-gcc, r-devel-windows-x86_64, r-patched-linux-x86_64, r-release-linux-x86_64, r-oldrel-windows-x86_64

Version: 1.1.1
Check: whether package can be installed
Result: WARN Found the following significant warnings: /home/hornik/tmp/R.check/r-devel-gcc/Work/build/Packages/RcppArmadillo/include/RcppArmadillo/version/arma.h:66:199: note: ‘#pragma message: Using fallback compilation with Armadillo 14.6.3. Please consider defining -DARMA_USE_CURRENT and also removing C++11 compilation directive. See GitHub issue #475 for more.’ See ‘/home/hornik/tmp/R.check/r-devel-gcc/Work/PKGS/scanstatistics.Rcheck/00install.out’ for details. * used C++ compiler: ‘g++-15 (Debian 15.2.0-4) 15.2.0’ Flavor: r-devel-linux-x86_64-debian-gcc