Last updated on 2025-05-10 09:50:43 CEST.
Flavor | Version | Tinstall | Tcheck | Ttotal | Status | Flags |
---|---|---|---|---|---|---|
r-devel-linux-x86_64-debian-clang | 0.9-2 | 2.87 | 29.61 | 32.48 | NOTE | |
r-devel-linux-x86_64-debian-gcc | 0.9-2 | 1.86 | 22.61 | 24.47 | NOTE | |
r-devel-linux-x86_64-fedora-clang | 0.9-2 | 51.41 | OK | |||
r-devel-linux-x86_64-fedora-gcc | 0.9-2 | 47.42 | OK | |||
r-devel-windows-x86_64 | 0.9-2 | 4.00 | 50.00 | 54.00 | OK | |
r-patched-linux-x86_64 | 0.9-2 | 3.11 | 28.36 | 31.47 | OK | |
r-release-linux-x86_64 | 0.9-2 | 2.71 | 27.86 | 30.57 | OK | |
r-release-macos-arm64 | 0.9-2 | 34.00 | OK | |||
r-release-macos-x86_64 | 0.9-2 | 31.00 | OK | |||
r-release-windows-x86_64 | 0.9-2 | 4.00 | 53.00 | 57.00 | OK | |
r-oldrel-macos-arm64 | 0.9-2 | 17.00 | OK | |||
r-oldrel-macos-x86_64 | 0.9-2 | 28.00 | OK | |||
r-oldrel-windows-x86_64 | 0.9-2 | 3.00 | 56.00 | 59.00 | OK |
Version: 0.9-2
Check: CRAN incoming feasibility
Result: NOTE
Maintainer: ‘Martin Maechler <maechler@stat.math.ethz.ch>’
No Authors@R field in DESCRIPTION.
Please add one, modifying
Authors@R: c(person(given = "Valentin",
family = "Rousson",
role = "aut",
email = "rousson@ifspm.unizh.ch"),
person(given = "Martin",
family = "Maechler",
role = c("aut", "cre"),
email = "maechler@stat.math.ethz.ch"))
as necessary.
Flavors: r-devel-linux-x86_64-debian-clang, r-devel-linux-x86_64-debian-gcc