CRAN Package Check Results for Package sasfunclust

Last updated on 2025-04-14 09:50:05 CEST.

Flavor Version Tinstall Tcheck Ttotal Status Flags
r-devel-linux-x86_64-debian-clang 1.0.0 31.48 148.98 180.46 NOTE
r-devel-linux-x86_64-debian-gcc 1.0.0 21.05 100.64 121.69 NOTE
r-devel-linux-x86_64-fedora-clang 1.0.0 314.92 NOTE
r-devel-linux-x86_64-fedora-gcc 1.0.0 287.78 NOTE
r-devel-windows-x86_64 1.0.0 39.00 159.00 198.00 OK
r-patched-linux-x86_64 1.0.0 29.35 145.06 174.41 NOTE
r-release-linux-x86_64 1.0.0 30.62 147.53 178.15 NOTE
r-release-macos-arm64 1.0.0 75.00 NOTE
r-release-macos-x86_64 1.0.0 145.00 NOTE
r-release-windows-x86_64 1.0.0 46.00 205.00 251.00 OK
r-oldrel-macos-arm64 1.0.0 66.00 NOTE
r-oldrel-macos-x86_64 1.0.0 110.00 NOTE
r-oldrel-windows-x86_64 1.0.0 46.00 205.00 251.00 OK

Check Details

Version: 1.0.0
Check: C++ specification
Result: NOTE Specified C++11: please drop specification unless essential Flavors: r-devel-linux-x86_64-debian-clang, r-devel-linux-x86_64-debian-gcc, r-devel-linux-x86_64-fedora-clang, r-devel-linux-x86_64-fedora-gcc, r-patched-linux-x86_64, r-release-linux-x86_64, r-release-macos-arm64, r-release-macos-x86_64, r-oldrel-macos-arm64, r-oldrel-macos-x86_64