Last updated on 2025-02-16 09:50:52 CET.
Flavor | Version | Tinstall | Tcheck | Ttotal | Status | Flags |
---|---|---|---|---|---|---|
r-devel-linux-x86_64-debian-clang | 3.0.3 | 452.70 | 288.12 | 740.82 | NOTE | |
r-devel-linux-x86_64-debian-gcc | 3.0.4 | 312.52 | 207.87 | 520.39 | OK | |
r-devel-linux-x86_64-fedora-clang | 3.0.4 | 1241.55 | OK | |||
r-devel-linux-x86_64-fedora-gcc | 3.0.3 | 1310.16 | NOTE | |||
r-devel-macos-arm64 | 3.0.3 | 1053.00 | OK | |||
r-devel-macos-x86_64 | 3.0.4 | 459.00 | OK | |||
r-devel-windows-x86_64 | 3.0.4 | 275.00 | 374.00 | 649.00 | OK | |
r-patched-linux-x86_64 | 3.0.3 | 421.42 | 274.09 | 695.51 | OK | |
r-release-linux-x86_64 | 3.0.4 | 407.86 | 277.09 | 684.95 | OK | |
r-release-macos-arm64 | 3.0.3 | 513.00 | NOTE | |||
r-release-macos-x86_64 | 3.0.4 | 552.00 | NOTE | |||
r-release-windows-x86_64 | 3.0.4 | 315.00 | 368.00 | 683.00 | NOTE | |
r-oldrel-macos-arm64 | 3.0.3 | 818.00 | NOTE | |||
r-oldrel-macos-x86_64 | 3.0.4 | 467.00 | NOTE | |||
r-oldrel-windows-x86_64 | 3.0.3 | 501.00 | 533.00 | 1034.00 | NOTE |
Version: 3.0.3
Check: DESCRIPTION meta-information
Result: NOTE
Missing dependency on R >= 4.1.0 because package code uses the pipe
|> or function shorthand \(...) syntax added in R 4.1.0.
File(s) using such syntax:
‘CTS.R’
Flavors: r-devel-linux-x86_64-debian-clang, r-devel-linux-x86_64-fedora-gcc
Version: 3.0.3
Check: installed package size
Result: NOTE
installed size is 10.8Mb
sub-directories of 1Mb or more:
R 2.0Mb
include 1.1Mb
libs 5.8Mb
Flavors: r-release-macos-arm64, r-oldrel-macos-arm64, r-oldrel-windows-x86_64
Version: 3.0.4
Check: installed package size
Result: NOTE
installed size is 11.3Mb
sub-directories of 1Mb or more:
R 2.0Mb
include 1.1Mb
libs 6.3Mb
Flavors: r-release-macos-x86_64, r-release-windows-x86_64, r-oldrel-macos-x86_64