Last updated on 2025-02-16 09:50:52 CET.
Flavor | Version | Tinstall | Tcheck | Ttotal | Status | Flags |
---|---|---|---|---|---|---|
r-devel-linux-x86_64-debian-clang | 0.6 | 1.88 | 20.93 | 22.81 | NOTE | |
r-devel-linux-x86_64-debian-gcc | 0.6 | 1.50 | 16.19 | 17.69 | NOTE | |
r-devel-linux-x86_64-fedora-clang | 0.6 | 38.30 | OK | |||
r-devel-linux-x86_64-fedora-gcc | 0.6 | 52.51 | OK | |||
r-devel-macos-arm64 | 0.6 | 25.00 | OK | |||
r-devel-macos-x86_64 | 0.6 | 48.00 | OK | |||
r-devel-windows-x86_64 | 0.6 | 3.00 | 42.00 | 45.00 | NOTE | |
r-patched-linux-x86_64 | 0.6 | 2.93 | 19.93 | 22.86 | OK | |
r-release-linux-x86_64 | 0.6 | 1.79 | 20.16 | 21.95 | OK | |
r-release-macos-arm64 | 0.6 | 22.00 | OK | |||
r-release-macos-x86_64 | 0.6 | 41.00 | OK | |||
r-release-windows-x86_64 | 0.6 | 2.00 | 45.00 | 47.00 | OK | |
r-oldrel-macos-arm64 | 0.6 | 20.00 | OK | |||
r-oldrel-macos-x86_64 | 0.6 | 29.00 | OK | |||
r-oldrel-windows-x86_64 | 0.6 | 3.00 | 41.00 | 44.00 | OK |
Version: 0.6
Check: Rd cross-references
Result: NOTE
Found the following Rd file(s) with Rd \link{} targets missing package
anchors:
predict.ucm.Rd: predict.SSModel
ucm.Rd: SSModel, KFAS
Please provide package anchors for all Rd \link{} targets not in the
package itself and the base packages.
Flavors: r-devel-linux-x86_64-debian-clang, r-devel-linux-x86_64-debian-gcc, r-devel-windows-x86_64