Last updated on 2025-02-16 09:50:52 CET.
Flavor | Version | Tinstall | Tcheck | Ttotal | Status | Flags |
---|---|---|---|---|---|---|
r-devel-linux-x86_64-debian-clang | 0.7.7 | 1419.88 | 161.81 | 1581.69 | OK | |
r-devel-linux-x86_64-debian-gcc | 0.7.7 | 1073.43 | 222.28 | 1295.71 | OK | |
r-devel-linux-x86_64-fedora-clang | 0.7.7 | 2422.08 | OK | |||
r-devel-linux-x86_64-fedora-gcc | 0.7.7 | 3722.29 | OK | |||
r-devel-macos-arm64 | 0.7.7 | 650.00 | OK | |||
r-devel-macos-x86_64 | 0.7.7 | 628.00 | OK | |||
r-devel-windows-x86_64 | 0.7.7 | 1171.00 | 284.00 | 1455.00 | OK | |
r-patched-linux-x86_64 | 0.7.7 | 1668.54 | 290.82 | 1959.36 | NOTE | |
r-release-linux-x86_64 | 0.7.7 | 1662.85 | 290.12 | 1952.97 | NOTE | |
r-release-macos-arm64 | 0.7.7 | 337.00 | NOTE | |||
r-release-macos-x86_64 | 0.7.7 | 259.00 | NOTE | |||
r-release-windows-x86_64 | 0.7.7 | 1146.00 | 271.00 | 1417.00 | NOTE | |
r-oldrel-macos-arm64 | 0.7.7 | 453.00 | NOTE | |||
r-oldrel-macos-x86_64 | 0.7.7 | 450.00 | NOTE | |||
r-oldrel-windows-x86_64 | 0.7.7 | 1594.00 | 368.00 | 1962.00 | NOTE |
Version: 0.7.7
Check: package dependencies
Result: NOTE
Package suggested but not available for checking: ‘cmdstanr’
Flavors: r-patched-linux-x86_64, r-release-linux-x86_64, r-release-macos-arm64, r-release-macos-x86_64, r-release-windows-x86_64, r-oldrel-macos-arm64, r-oldrel-macos-x86_64, r-oldrel-windows-x86_64
Version: 0.7.7
Check: for GNU extensions in Makefiles
Result: NOTE
GNU make is a SystemRequirements.
Flavors: r-patched-linux-x86_64, r-release-linux-x86_64, r-release-macos-arm64, r-release-macos-x86_64, r-release-windows-x86_64, r-oldrel-macos-arm64, r-oldrel-macos-x86_64, r-oldrel-windows-x86_64
Version: 0.7.7
Check: installed package size
Result: NOTE
installed size is 219.9Mb
sub-directories of 1Mb or more:
data 1.5Mb
libs 217.5Mb
Flavors: r-release-macos-arm64, r-release-macos-x86_64, r-release-windows-x86_64, r-oldrel-macos-arm64, r-oldrel-macos-x86_64, r-oldrel-windows-x86_64