Last updated on 2025-07-12 09:49:30 CEST.
Flavor | Version | Tinstall | Tcheck | Ttotal | Status | Flags |
---|---|---|---|---|---|---|
r-devel-linux-x86_64-debian-clang | 0.8.3 | 605.24 | 350.87 | 956.11 | OK | |
r-devel-linux-x86_64-debian-gcc | 0.8.3 | 500.63 | 268.57 | 769.20 | OK | |
r-devel-linux-x86_64-fedora-clang | 0.8.3 | 1493.50 | OK | |||
r-devel-linux-x86_64-fedora-gcc | 0.8.3 | 1867.23 | OK | |||
r-devel-windows-x86_64 | 0.8.0 | 592.00 | 335.00 | 927.00 | OK | |
r-patched-linux-x86_64 | 0.8.0 | 696.55 | 382.88 | 1079.43 | OK | |
r-release-linux-x86_64 | 0.8.0 | 668.50 | 379.72 | 1048.22 | OK | |
r-release-macos-arm64 | 0.8.0 | 296.00 | OK | |||
r-release-macos-x86_64 | 0.8.3 | 372.00 | OK | |||
r-release-windows-x86_64 | 0.8.3 | 594.00 | 331.00 | 925.00 | OK | |
r-oldrel-macos-arm64 | 0.8.0 | 316.00 | NOTE | |||
r-oldrel-macos-x86_64 | 0.8.3 | 382.00 | NOTE | |||
r-oldrel-windows-x86_64 | 0.8.3 | 364.00 | 322.00 | 686.00 | NOTE |
Version: 0.8.0
Check: package dependencies
Result: NOTE
Package suggested but not available for checking: ‘cmdstanr’
Flavor: r-oldrel-macos-arm64
Version: 0.8.0
Check: installed package size
Result: NOTE
installed size is 160.0Mb
sub-directories of 1Mb or more:
data 1.5Mb
libs 157.7Mb
Flavor: r-oldrel-macos-arm64
Version: 0.8.0
Check: for GNU extensions in Makefiles
Result: NOTE
GNU make is a SystemRequirements.
Flavor: r-oldrel-macos-arm64
Version: 0.8.3
Check: package dependencies
Result: NOTE
Package suggested but not available for checking: ‘cmdstanr’
Flavors: r-oldrel-macos-x86_64, r-oldrel-windows-x86_64
Version: 0.8.3
Check: installed package size
Result: NOTE
installed size is 164.9Mb
sub-directories of 1Mb or more:
data 1.5Mb
libs 162.6Mb
Flavors: r-oldrel-macos-x86_64, r-oldrel-windows-x86_64
Version: 0.8.3
Check: for GNU extensions in Makefiles
Result: NOTE
GNU make is a SystemRequirements.
Flavors: r-oldrel-macos-x86_64, r-oldrel-windows-x86_64