Last updated on 2025-02-16 09:50:52 CET.
Flavor | Version | Tinstall | Tcheck | Ttotal | Status | Flags |
---|---|---|---|---|---|---|
r-devel-linux-x86_64-debian-clang | 2.0-2 | 64.37 | 102.97 | 167.34 | OK | |
r-devel-linux-x86_64-debian-gcc | 2.0-2 | 45.50 | 65.89 | 111.39 | OK | |
r-devel-linux-x86_64-fedora-clang | 2.0-2 | 330.17 | OK | |||
r-devel-linux-x86_64-fedora-gcc | 2.0-2 | 309.24 | OK | |||
r-devel-macos-arm64 | 2.0-2 | 80.00 | OK | |||
r-devel-macos-x86_64 | 2.0-2 | 136.00 | OK | |||
r-devel-windows-x86_64 | 2.0-2 | 84.00 | 145.00 | 229.00 | OK | |
r-patched-linux-x86_64 | 2.0-2 | 65.46 | 93.77 | 159.23 | OK | |
r-release-linux-x86_64 | 2.0-2 | 68.37 | 94.36 | 162.73 | OK | |
r-release-macos-arm64 | 2.0-2 | 80.00 | NOTE | |||
r-release-macos-x86_64 | 2.0-2 | 122.00 | NOTE | |||
r-release-windows-x86_64 | 2.0-2 | 87.00 | 140.00 | 227.00 | OK | |
r-oldrel-macos-arm64 | 2.0-1 | 92.00 | NOTE | |||
r-oldrel-macos-x86_64 | 2.0-2 | 123.00 | NOTE | |||
r-oldrel-windows-x86_64 | 2.0-2 | 103.00 | 156.00 | 259.00 | OK |
Version: 2.0-2
Check: installed package size
Result: NOTE
installed size is 7.6Mb
sub-directories of 1Mb or more:
libs 6.6Mb
Flavors: r-release-macos-arm64, r-release-macos-x86_64, r-oldrel-macos-x86_64
Version: 2.0-1
Check: installed package size
Result: NOTE
installed size is 7.6Mb
sub-directories of 1Mb or more:
libs 6.7Mb
Flavor: r-oldrel-macos-arm64