Last updated on 2025-05-10 09:50:43 CEST.
Flavor | Version | Tinstall | Tcheck | Ttotal | Status | Flags |
---|---|---|---|---|---|---|
r-devel-linux-x86_64-debian-clang | 2.6.2 | 3.10 | 28.07 | 31.17 | OK | |
r-devel-linux-x86_64-debian-gcc | 2.6.2 | 2.52 | 22.00 | 24.52 | OK | |
r-devel-linux-x86_64-fedora-clang | 2.6.2 | 53.76 | OK | |||
r-devel-linux-x86_64-fedora-gcc | 2.6.2 | 67.71 | OK | |||
r-devel-windows-x86_64 | 2.6.2 | 28.00 | 227.00 | 255.00 | OK | |
r-patched-linux-x86_64 | 2.6.2 | 2.77 | 26.91 | 29.68 | OK | |
r-release-linux-x86_64 | 2.6.2 | 2.63 | 26.68 | 29.31 | OK | |
r-release-macos-arm64 | 2.6.2 | 44.00 | OK | |||
r-release-macos-x86_64 | 2.6.2 | 74.00 | OK | |||
r-release-windows-x86_64 | 2.6.2 | 31.00 | 206.00 | 237.00 | OK | |
r-oldrel-macos-arm64 | 2.6.2 | 93.00 | NOTE | |||
r-oldrel-macos-x86_64 | 2.6.2 | 135.00 | NOTE | |||
r-oldrel-windows-x86_64 | 2.6.2 | 29.00 | 295.00 | 324.00 | NOTE |
Version: 2.6.2
Check: installed package size
Result: NOTE
installed size is 28.7Mb
sub-directories of 1Mb or more:
libs 28.2Mb
Flavors: r-oldrel-macos-arm64, r-oldrel-macos-x86_64, r-oldrel-windows-x86_64