Last updated on 2025-02-18 09:50:49 CET.
Flavor | Version | Tinstall | Tcheck | Ttotal | Status | Flags |
---|---|---|---|---|---|---|
r-devel-linux-x86_64-debian-clang | 0.7.2 | 11.37 | 114.22 | 125.59 | NOTE | |
r-devel-linux-x86_64-debian-gcc | 0.7.2 | 7.53 | 77.12 | 84.65 | NOTE | |
r-devel-linux-x86_64-fedora-clang | 0.7.2 | 201.54 | NOTE | |||
r-devel-linux-x86_64-fedora-gcc | 0.7.2 | 190.72 | NOTE | |||
r-devel-macos-arm64 | 0.7.2 | 54.00 | NOTE | |||
r-devel-macos-x86_64 | 0.7.2 | 98.00 | NOTE | |||
r-devel-windows-x86_64 | 0.7.2 | 14.00 | 133.00 | 147.00 | NOTE | |
r-patched-linux-x86_64 | 0.7.2 | 12.98 | 105.32 | 118.30 | NOTE | |
r-release-linux-x86_64 | 0.7.2 | 9.94 | 105.40 | 115.34 | NOTE | |
r-release-macos-arm64 | 0.7.2 | 51.00 | NOTE | |||
r-release-macos-x86_64 | 0.7.2 | 74.00 | NOTE | |||
r-release-windows-x86_64 | 0.7.2 | 12.00 | 138.00 | 150.00 | NOTE | |
r-oldrel-macos-arm64 | 0.7.2 | 63.00 | OK | |||
r-oldrel-macos-x86_64 | 0.7.2 | 98.00 | NOTE | |||
r-oldrel-windows-x86_64 | 0.7.2 | 16.00 | 178.00 | 194.00 | OK |
Version: 0.7.2
Check: Rd files
Result: NOTE
checkRd: (-1) box_m.Rd:19: Lost braces in \itemize; \value handles \item{}{} directly
checkRd: (-1) box_m.Rd:20: Lost braces in \itemize; \value handles \item{}{} directly
checkRd: (-1) box_m.Rd:21: Lost braces in \itemize; \value handles \item{}{} directly
checkRd: (-1) box_m.Rd:22: Lost braces in \itemize; \value handles \item{}{} directly
checkRd: (-1) wilcox_test.Rd:91: Lost braces; missing escapes or markup?
91 | distribution of \code{(u+v)/2}, where \code{u} and {v} are independent, each
| ^
Flavors: r-devel-linux-x86_64-debian-clang, r-devel-linux-x86_64-debian-gcc, r-devel-linux-x86_64-fedora-clang, r-devel-linux-x86_64-fedora-gcc, r-devel-macos-arm64, r-devel-macos-x86_64, r-devel-windows-x86_64, r-patched-linux-x86_64, r-release-linux-x86_64, r-release-macos-arm64, r-release-macos-x86_64, r-release-windows-x86_64
Version: 0.7.2
Check: package dependencies
Result: NOTE
Package suggested but not available for checking: ‘ggpubr’
Flavor: r-oldrel-macos-x86_64