Last updated on 2025-04-15 09:52:31 CEST.
Flavor | Version | Tinstall | Tcheck | Ttotal | Status | Flags |
---|---|---|---|---|---|---|
r-devel-linux-x86_64-debian-clang | 0.7.2 | 11.80 | 113.74 | 125.54 | NOTE | |
r-devel-linux-x86_64-debian-gcc | 0.7.2 | 6.72 | 76.20 | 82.92 | NOTE | |
r-devel-linux-x86_64-fedora-clang | 0.7.2 | 210.70 | NOTE | |||
r-devel-linux-x86_64-fedora-gcc | 0.7.2 | 186.76 | NOTE | |||
r-devel-windows-x86_64 | 0.7.2 | 13.00 | 134.00 | 147.00 | NOTE | |
r-patched-linux-x86_64 | 0.7.2 | 13.21 | 107.89 | 121.10 | NOTE | |
r-release-linux-x86_64 | 0.7.2 | 10.55 | 108.47 | 119.02 | NOTE | |
r-release-macos-arm64 | 0.7.2 | 61.00 | NOTE | |||
r-release-macos-x86_64 | 0.7.2 | 98.00 | NOTE | |||
r-release-windows-x86_64 | 0.7.2 | 13.00 | 139.00 | 152.00 | NOTE | |
r-oldrel-macos-arm64 | 0.7.2 | 51.00 | NOTE | |||
r-oldrel-macos-x86_64 | 0.7.2 | 74.00 | NOTE | |||
r-oldrel-windows-x86_64 | 0.7.2 | 18.00 | 172.00 | 190.00 | NOTE |
Version: 0.7.2
Check: Rd files
Result: NOTE
checkRd: (-1) box_m.Rd:19: Lost braces in \itemize; \value handles \item{}{} directly
checkRd: (-1) box_m.Rd:20: Lost braces in \itemize; \value handles \item{}{} directly
checkRd: (-1) box_m.Rd:21: Lost braces in \itemize; \value handles \item{}{} directly
checkRd: (-1) box_m.Rd:22: Lost braces in \itemize; \value handles \item{}{} directly
checkRd: (-1) wilcox_test.Rd:91: Lost braces; missing escapes or markup?
91 | distribution of \code{(u+v)/2}, where \code{u} and {v} are independent, each
| ^
Flavors: r-devel-linux-x86_64-debian-clang, r-devel-linux-x86_64-debian-gcc, r-devel-linux-x86_64-fedora-clang, r-devel-linux-x86_64-fedora-gcc, r-devel-windows-x86_64, r-patched-linux-x86_64, r-release-linux-x86_64, r-release-macos-arm64, r-release-macos-x86_64, r-release-windows-x86_64, r-oldrel-macos-arm64, r-oldrel-macos-x86_64, r-oldrel-windows-x86_64