Last updated on 2025-04-15 09:52:31 CEST.
Flavor | Version | Tinstall | Tcheck | Ttotal | Status | Flags |
---|---|---|---|---|---|---|
r-devel-linux-x86_64-debian-clang | 0.0.3 | 491.00 | 187.29 | 678.29 | OK | |
r-devel-linux-x86_64-debian-gcc | 0.0.3 | 472.72 | 170.90 | 643.62 | OK | |
r-devel-linux-x86_64-fedora-clang | 0.0.3 | 1148.83 | OK | |||
r-devel-linux-x86_64-fedora-gcc | 0.0.3 | 1502.84 | OK | |||
r-devel-windows-x86_64 | 0.0.3 | 578.00 | 241.00 | 819.00 | OK | |
r-patched-linux-x86_64 | 0.0.3 | 628.45 | 231.24 | 859.69 | OK | |
r-release-linux-x86_64 | 0.0.3 | 610.56 | 233.54 | 844.10 | OK | |
r-release-macos-arm64 | 0.0.3 | 273.00 | OK | |||
r-release-macos-x86_64 | 0.0.3 | 534.00 | OK | |||
r-release-windows-x86_64 | 0.0.3 | 582.00 | 231.00 | 813.00 | OK | |
r-oldrel-macos-arm64 | 0.0.3 | 153.00 | NOTE | |||
r-oldrel-macos-x86_64 | 0.0.3 | 150.00 | NOTE | |||
r-oldrel-windows-x86_64 | 0.0.3 | 664.00 | 300.00 | 964.00 | NOTE |
Version: 0.0.3
Check: installed package size
Result: NOTE
installed size is 94.7Mb
sub-directories of 1Mb or more:
libs 94.4Mb
Flavors: r-oldrel-macos-arm64, r-oldrel-macos-x86_64
Version: 0.0.3
Check: for GNU extensions in Makefiles
Result: NOTE
GNU make is a SystemRequirements.
Flavors: r-oldrel-macos-arm64, r-oldrel-macos-x86_64, r-oldrel-windows-x86_64