Last updated on 2025-02-16 09:50:51 CET.
Flavor | Version | Tinstall | Tcheck | Ttotal | Status | Flags |
---|---|---|---|---|---|---|
r-devel-linux-x86_64-debian-clang | 1.0.0 | 7.48 | 87.84 | 95.32 | OK | |
r-devel-linux-x86_64-debian-gcc | 1.0.0 | 4.95 | 62.85 | 67.80 | OK | |
r-devel-linux-x86_64-fedora-clang | 1.0.0 | 150.54 | NOTE | |||
r-devel-linux-x86_64-fedora-gcc | 1.0.0 | 153.37 | NOTE | |||
r-devel-macos-arm64 | 1.0.0 | 54.00 | OK | |||
r-devel-macos-x86_64 | 1.0.0 | 98.00 | OK | |||
r-devel-windows-x86_64 | 1.0.0 | 8.00 | 103.00 | 111.00 | OK | |
r-patched-linux-x86_64 | 1.0.0 | 7.50 | 80.56 | 88.06 | OK | |
r-release-linux-x86_64 | 1.0.0 | 6.90 | 81.75 | 88.65 | OK | |
r-release-macos-arm64 | 1.0.0 | 52.00 | OK | |||
r-release-macos-x86_64 | 1.0.0 | 71.00 | OK | |||
r-release-windows-x86_64 | 1.0.0 | 8.00 | 98.00 | 106.00 | OK | |
r-oldrel-macos-arm64 | 1.0.0 | 49.00 | OK | |||
r-oldrel-macos-x86_64 | 1.0.0 | 81.00 | OK | |||
r-oldrel-windows-x86_64 | 1.0.0 | 11.00 | 108.00 | 119.00 | OK |
Version: 1.0.0
Check: dependencies in R code
Result: NOTE
Namespace in Imports field not imported from: ‘Rcpp’
All declared Imports should be used.
Flavors: r-devel-linux-x86_64-fedora-clang, r-devel-linux-x86_64-fedora-gcc