CRAN Package Check Results for Package rmcmc

Last updated on 2025-02-20 09:51:01 CET.

Flavor Version Tinstall Tcheck Ttotal Status Flags
r-devel-linux-x86_64-debian-clang 0.1.1 2.61 105.76 108.37 OK
r-devel-linux-x86_64-debian-gcc 0.1.1 1.97 69.28 71.25 OK
r-devel-linux-x86_64-fedora-clang 0.1.1 170.55 OK
r-devel-linux-x86_64-fedora-gcc 0.1.1 177.04 OK
r-devel-macos-arm64 0.1.1 62.00 OK
r-devel-macos-x86_64 0.1.1 161.00 OK
r-devel-windows-x86_64 0.1.1 4.00 115.00 119.00 OK
r-patched-linux-x86_64 0.1.1 3.27 97.83 101.10 NOTE
r-release-linux-x86_64 0.1.1 2.43 96.72 99.15 NOTE
r-release-macos-arm64 0.1.1 51.00 NOTE
r-release-macos-x86_64 0.1.1 163.00 NOTE
r-release-windows-x86_64 0.1.1 4.00 116.00 120.00 NOTE
r-oldrel-macos-x86_64 0.1.1 144.00 NOTE
r-oldrel-windows-x86_64 0.1.1 5.00 148.00 153.00 NOTE

Check Details

Version: 0.1.1
Check: package dependencies
Result: NOTE Package suggested but not available for checking: ‘bridgestan’ Flavors: r-patched-linux-x86_64, r-release-linux-x86_64, r-release-macos-arm64, r-release-macos-x86_64, r-release-windows-x86_64, r-oldrel-macos-x86_64, r-oldrel-windows-x86_64