Last updated on 2025-02-16 09:50:51 CET.
Flavor | Version | Tinstall | Tcheck | Ttotal | Status | Flags |
---|---|---|---|---|---|---|
r-devel-linux-x86_64-debian-clang | 0.17.1 | 11.99 | 150.84 | 162.83 | NOTE | |
r-devel-linux-x86_64-debian-gcc | 0.17.1 | 6.85 | 101.13 | 107.98 | NOTE | |
r-devel-linux-x86_64-fedora-clang | 0.17.1 | 263.90 | NOTE | |||
r-devel-linux-x86_64-fedora-gcc | 0.17.1 | 263.60 | NOTE | |||
r-devel-macos-arm64 | 0.17.1 | 68.00 | OK | |||
r-devel-macos-x86_64 | 0.17.1 | 141.00 | NOTE | |||
r-devel-windows-x86_64 | 0.17.1 | 14.00 | 154.00 | 168.00 | NOTE | |
r-patched-linux-x86_64 | 0.17.1 | 11.95 | 140.50 | 152.45 | OK | |
r-release-linux-x86_64 | 0.17.1 | 10.83 | 140.48 | 151.31 | OK | |
r-release-macos-arm64 | 0.17.1 | 72.00 | OK | |||
r-release-macos-x86_64 | 0.17.1 | 125.00 | OK | |||
r-release-windows-x86_64 | 0.17.1 | 13.00 | 151.00 | 164.00 | OK | |
r-oldrel-macos-arm64 | 0.17.1 | 80.00 | OK | |||
r-oldrel-macos-x86_64 | 0.17.1 | 115.00 | OK | |||
r-oldrel-windows-x86_64 | 0.17.1 | 16.00 | 191.00 | 207.00 | OK |
Version: 0.17.1
Check: DESCRIPTION meta-information
Result: NOTE
Missing dependency on R >= 4.1.0 because package code uses the pipe
|> or function shorthand \(...) syntax added in R 4.1.0.
File(s) using such syntax:
‘plotdensity.R’
Flavors: r-devel-linux-x86_64-debian-clang, r-devel-linux-x86_64-debian-gcc, r-devel-linux-x86_64-fedora-clang, r-devel-linux-x86_64-fedora-gcc, r-devel-macos-x86_64, r-devel-windows-x86_64