Last updated on 2025-02-18 09:50:49 CET.
Flavor | Version | Tinstall | Tcheck | Ttotal | Status | Flags |
---|---|---|---|---|---|---|
r-devel-linux-x86_64-debian-clang | 1.1.1 | 2.97 | 57.51 | 60.48 | NOTE | |
r-devel-linux-x86_64-debian-gcc | 1.1.1 | 1.96 | 43.44 | 45.40 | NOTE | |
r-devel-linux-x86_64-fedora-clang | 1.1.1 | 100.28 | OK | |||
r-devel-linux-x86_64-fedora-gcc | 1.1.1 | 111.76 | OK | |||
r-devel-macos-arm64 | 1.1.1 | 41.00 | OK | |||
r-devel-macos-x86_64 | 1.1.1 | 86.00 | OK | |||
r-devel-windows-x86_64 | 1.1.1 | 5.00 | 90.00 | 95.00 | NOTE | |
r-patched-linux-x86_64 | 1.1.1 | 7.59 | 54.28 | 61.87 | OK | |
r-release-linux-x86_64 | 1.1.1 | 2.33 | 54.85 | 57.18 | OK | |
r-release-macos-arm64 | 1.1.1 | 49.00 | OK | |||
r-release-macos-x86_64 | 1.1.1 | 68.00 | OK | |||
r-release-windows-x86_64 | 1.1.1 | 5.00 | 88.00 | 93.00 | OK | |
r-oldrel-macos-arm64 | 1.1.1 | 50.00 | OK | |||
r-oldrel-macos-x86_64 | 1.1.1 | 89.00 | OK | |||
r-oldrel-windows-x86_64 | 1.1.1 | 6.00 | 106.00 | 112.00 | OK |
Version: 1.1.1
Check: Rd cross-references
Result: NOTE
Found the following Rd file(s) with Rd \link{} targets missing package
anchors:
cv_risk_mod.Rd: foreach
cv_risk_mod_random_start.Rd: foreach
Please provide package anchors for all Rd \link{} targets not in the
package itself and the base packages.
Flavors: r-devel-linux-x86_64-debian-clang, r-devel-linux-x86_64-debian-gcc, r-devel-windows-x86_64