Last updated on 2025-02-19 09:51:01 CET.
Flavor | Version | Tinstall | Tcheck | Ttotal | Status | Flags |
---|---|---|---|---|---|---|
r-devel-linux-x86_64-debian-clang | 1.0.0 | 1.35 | 16.50 | 17.85 | OK | |
r-devel-linux-x86_64-debian-gcc | 1.0.0 | 1.29 | 13.43 | 14.72 | OK | |
r-devel-linux-x86_64-fedora-clang | 1.0.0 | 27.96 | OK | |||
r-devel-linux-x86_64-fedora-gcc | 1.0.0 | 27.48 | OK | |||
r-devel-macos-arm64 | 1.0.0 | 12.00 | OK | |||
r-devel-macos-x86_64 | 1.0.0 | 21.00 | OK | |||
r-devel-windows-x86_64 | 1.0.0 | 3.00 | 41.00 | 44.00 | OK | |
r-patched-linux-x86_64 | 1.0.0 | 1.64 | 15.65 | 17.29 | NOTE | |
r-release-linux-x86_64 | 1.0.0 | 1.60 | 15.72 | 17.32 | NOTE | |
r-release-macos-arm64 | 1.0.0 | 11.00 | NOTE | |||
r-release-macos-x86_64 | 1.0.0 | 18.00 | NOTE | |||
r-release-windows-x86_64 | 1.0.0 | 2.00 | 34.00 | 36.00 | NOTE | |
r-oldrel-macos-arm64 | 1.0.0 | 13.00 | NOTE | |||
r-oldrel-macos-x86_64 | 1.0.0 | 18.00 | NOTE | |||
r-oldrel-windows-x86_64 | 1.0.0 | 3.00 | 34.00 | 37.00 | NOTE |
Version: 1.0.0
Check: LazyData
Result: NOTE
'LazyData' is specified without a 'data' directory
Flavors: r-patched-linux-x86_64, r-release-linux-x86_64, r-release-macos-arm64, r-release-macos-x86_64, r-release-windows-x86_64, r-oldrel-macos-arm64, r-oldrel-macos-x86_64, r-oldrel-windows-x86_64