Last updated on 2025-02-16 09:50:51 CET.
Flavor | Version | Tinstall | Tcheck | Ttotal | Status | Flags |
---|---|---|---|---|---|---|
r-devel-linux-x86_64-debian-clang | 1.2.1 | 3.19 | 31.47 | 34.66 | NOTE | |
r-devel-linux-x86_64-debian-gcc | 1.2.1 | 2.51 | 25.04 | 27.55 | NOTE | |
r-devel-linux-x86_64-fedora-clang | 1.2.1 | 55.88 | NOTE | |||
r-devel-linux-x86_64-fedora-gcc | 1.2.1 | 52.30 | NOTE | |||
r-devel-macos-arm64 | 1.2.1 | 21.00 | NOTE | |||
r-devel-macos-x86_64 | 1.2.1 | 39.00 | NOTE | |||
r-devel-windows-x86_64 | 1.2.1 | 4.00 | 55.00 | 59.00 | NOTE | |
r-patched-linux-x86_64 | 1.2.1 | 3.18 | 30.69 | 33.87 | NOTE | |
r-release-linux-x86_64 | 1.2.1 | 3.01 | 30.28 | 33.29 | NOTE | |
r-release-macos-arm64 | 1.2.1 | 21.00 | NOTE | |||
r-release-macos-x86_64 | 1.2.1 | 29.00 | NOTE | |||
r-release-windows-x86_64 | 1.2.1 | 5.00 | 54.00 | 59.00 | NOTE | |
r-oldrel-macos-arm64 | 1.2.1 | 22.00 | NOTE | |||
r-oldrel-macos-x86_64 | 1.2.1 | 28.00 | NOTE | |||
r-oldrel-windows-x86_64 | 1.2.1 | 5.00 | 75.00 | 80.00 | NOTE |
Version: 1.2.1
Check: package subdirectories
Result: NOTE
Problems with news in ‘NEWS.md’:
No news entries found.
Flavors: r-devel-linux-x86_64-debian-clang, r-devel-linux-x86_64-debian-gcc, r-devel-linux-x86_64-fedora-clang, r-devel-linux-x86_64-fedora-gcc, r-devel-macos-arm64, r-devel-macos-x86_64, r-devel-windows-x86_64, r-patched-linux-x86_64, r-release-linux-x86_64, r-release-macos-arm64, r-release-macos-x86_64, r-release-windows-x86_64, r-oldrel-macos-arm64, r-oldrel-macos-x86_64, r-oldrel-windows-x86_64