Last updated on 2025-02-11 09:48:35 CET.
Flavor | Version | Tinstall | Tcheck | Ttotal | Status | Flags |
---|---|---|---|---|---|---|
r-devel-linux-x86_64-debian-clang | 0.4.1 | 10.61 | 76.25 | 86.86 | OK | |
r-devel-linux-x86_64-debian-gcc | 0.4.1 | 7.94 | 54.25 | 62.19 | OK | |
r-devel-linux-x86_64-fedora-clang | 0.4.1 | 141.12 | OK | |||
r-devel-linux-x86_64-fedora-gcc | 0.4.1 | 130.25 | OK | |||
r-devel-windows-x86_64 | 0.4.1 | 13.00 | 95.00 | 108.00 | OK | |
r-patched-linux-x86_64 | 0.4.1 | 11.09 | 71.22 | 82.31 | NOTE | |
r-release-linux-x86_64 | 0.4.1 | 9.80 | 71.74 | 81.54 | NOTE | |
r-release-macos-arm64 | 0.4.1 | 40.00 | NOTE | |||
r-release-macos-x86_64 | 0.4.1 | 57.00 | NOTE | |||
r-release-windows-x86_64 | 0.4.1 | 13.00 | 93.00 | 106.00 | NOTE | |
r-oldrel-macos-arm64 | 0.4.1 | 40.00 | NOTE | |||
r-oldrel-macos-x86_64 | 0.4.1 | 67.00 | NOTE | |||
r-oldrel-windows-x86_64 | 0.4.1 | 16.00 | 110.00 | 126.00 | NOTE |
Version: 0.4.1
Check: LazyData
Result: NOTE
'LazyData' is specified without a 'data' directory
Flavors: r-patched-linux-x86_64, r-release-linux-x86_64, r-release-macos-arm64, r-release-macos-x86_64, r-release-windows-x86_64, r-oldrel-macos-arm64, r-oldrel-macos-x86_64, r-oldrel-windows-x86_64