Last updated on 2025-04-16 09:53:09 CEST.
Flavor | Version | Tinstall | Tcheck | Ttotal | Status | Flags |
---|---|---|---|---|---|---|
r-devel-linux-x86_64-debian-clang | 0.2.1 | 1.88 | 19.21 | 21.09 | OK | |
r-devel-linux-x86_64-debian-gcc | 0.2.1 | 1.52 | 15.61 | 17.13 | OK | |
r-devel-linux-x86_64-fedora-clang | 0.2.1 | 35.38 | OK | |||
r-devel-linux-x86_64-fedora-gcc | 0.2.1 | 32.16 | OK | |||
r-devel-windows-x86_64 | 0.2.1 | 3.00 | 41.00 | 44.00 | OK | |
r-patched-linux-x86_64 | 0.2.1 | 1.88 | 18.87 | 20.75 | OK | |
r-release-linux-x86_64 | 0.2.1 | 1.83 | 18.81 | 20.64 | OK | |
r-release-macos-arm64 | 0.2.1 | 15.00 | OK | |||
r-release-macos-x86_64 | 0.2.1 | 23.00 | OK | |||
r-release-windows-x86_64 | 0.2.1 | 3.00 | 40.00 | 43.00 | OK | |
r-oldrel-macos-arm64 | 0.2.1 | 13.00 | NOTE | |||
r-oldrel-macos-x86_64 | 0.2.1 | 25.00 | OK | |||
r-oldrel-windows-x86_64 | 0.2.1 | 3.00 | 43.00 | 46.00 | OK |
Version: 0.2.1
Check: package dependencies
Result: NOTE
Package suggested but not available for checking: ‘ccdata’
Flavor: r-oldrel-macos-arm64