Last updated on 2025-02-19 09:51:01 CET.
Flavor | Version | Tinstall | Tcheck | Ttotal | Status | Flags |
---|---|---|---|---|---|---|
r-devel-linux-x86_64-debian-clang | 0.6 | 2.41 | 28.87 | 31.28 | NOTE | |
r-devel-linux-x86_64-debian-gcc | 0.6 | 1.92 | 21.94 | 23.86 | NOTE | |
r-devel-linux-x86_64-fedora-clang | 0.6 | 49.91 | NOTE | |||
r-devel-linux-x86_64-fedora-gcc | 0.6 | 47.32 | NOTE | |||
r-devel-macos-arm64 | 0.6 | 20.00 | NOTE | |||
r-devel-macos-x86_64 | 0.6 | 31.00 | NOTE | |||
r-devel-windows-x86_64 | 0.6 | 4.00 | 53.00 | 57.00 | NOTE | |
r-patched-linux-x86_64 | 0.6 | 2.88 | 27.49 | 30.37 | NOTE | |
r-release-linux-x86_64 | 0.6 | 2.03 | 27.04 | 29.07 | NOTE | |
r-release-macos-arm64 | 0.6 | 19.00 | NOTE | |||
r-release-macos-x86_64 | 0.6 | 33.00 | NOTE | |||
r-release-windows-x86_64 | 0.6 | 3.00 | 50.00 | 53.00 | NOTE | |
r-oldrel-macos-arm64 | 0.6 | 19.00 | OK | |||
r-oldrel-macos-x86_64 | 0.6 | 29.00 | OK | |||
r-oldrel-windows-x86_64 | 0.6 | 5.00 | 53.00 | 58.00 | OK |
Version: 0.6
Check: Rd files
Result: NOTE
checkRd: (-1) ExpandProbs.Rd:35: Lost braces; missing escapes or markup?
35 | {z_probs2 sqrt((n-1)/n) = t_probs,n-1}
| ^
Flavors: r-devel-linux-x86_64-debian-clang, r-devel-linux-x86_64-debian-gcc, r-devel-linux-x86_64-fedora-clang, r-devel-linux-x86_64-fedora-gcc, r-devel-macos-arm64, r-devel-macos-x86_64, r-devel-windows-x86_64, r-patched-linux-x86_64, r-release-linux-x86_64, r-release-macos-arm64, r-release-macos-x86_64, r-release-windows-x86_64