CRAN Package Check Results for Package registry

Last updated on 2025-07-13 09:49:50 CEST.

Flavor Version Tinstall Tcheck Ttotal Status Flags
r-devel-linux-x86_64-debian-clang 0.5-1 1.98 26.74 28.72 NOTE
r-devel-linux-x86_64-debian-gcc 0.5-1 1.47 21.57 23.04 NOTE
r-devel-linux-x86_64-fedora-clang 0.5-1 44.58 OK
r-devel-linux-x86_64-fedora-gcc 0.5-1 58.26 OK
r-devel-windows-x86_64 0.5-1 4.00 64.00 68.00 OK
r-patched-linux-x86_64 0.5-1 1.99 25.36 27.35 OK
r-release-linux-x86_64 0.5-1 1.82 25.18 27.00 OK
r-release-macos-arm64 0.5-1 29.00 OK
r-release-macos-x86_64 0.5-1 48.00 OK
r-release-windows-x86_64 0.5-1 3.00 68.00 71.00 OK
r-oldrel-macos-arm64 0.5-1 29.00 OK
r-oldrel-macos-x86_64 0.5-1 37.00 OK
r-oldrel-windows-x86_64 0.5-1 3.00 62.00 65.00 OK

Check Details

Version: 0.5-1
Check: CRAN incoming feasibility
Result: NOTE Maintainer: ‘David Meyer <David.Meyer@R-project.org>’ No Authors@R field in DESCRIPTION. Please add one, modifying Authors@R: person(given = "David", family = "Meyer", role = c("aut", "cre"), email = "david.meyer@r-project.org") as necessary. Flavors: r-devel-linux-x86_64-debian-clang, r-devel-linux-x86_64-debian-gcc