Last updated on 2025-04-15 09:52:30 CEST.
Flavor | Version | Tinstall | Tcheck | Ttotal | Status | Flags |
---|---|---|---|---|---|---|
r-devel-linux-x86_64-debian-clang | 1.1.2 | 16.73 | 18.77 | 35.50 | OK | |
r-devel-linux-x86_64-debian-gcc | 1.1.2 | 10.58 | 15.61 | 26.19 | OK | |
r-devel-linux-x86_64-fedora-clang | 1.1.2 | 65.72 | OK | |||
r-devel-linux-x86_64-fedora-gcc | 1.1.2 | 55.07 | OK | |||
r-devel-windows-x86_64 | 1.1.2 | 34.00 | 50.00 | 84.00 | OK | |
r-patched-linux-x86_64 | 1.1.2 | 13.84 | 18.45 | 32.29 | OK | |
r-release-linux-x86_64 | 1.1.2 | 14.46 | 18.66 | 33.12 | OK | |
r-release-macos-arm64 | 1.1.2 | 23.00 | OK | |||
r-release-macos-x86_64 | 1.1.2 | 53.00 | OK | |||
r-release-windows-x86_64 | 1.1.2 | 33.00 | 50.00 | 83.00 | OK | |
r-oldrel-macos-arm64 | 1.1.2 | 28.00 | OK | |||
r-oldrel-macos-x86_64 | 1.1.2 | 53.00 | OK | |||
r-oldrel-windows-x86_64 | 1.1.2 | 33.00 | 54.00 | 87.00 | NOTE |
Version: 1.1.2
Check: installed package size
Result: NOTE
installed size is 17.4Mb
sub-directories of 1Mb or more:
redengine 17.0Mb
Flavor: r-oldrel-windows-x86_64