Last updated on 2025-02-19 09:51:00 CET.
Flavor | Version | Tinstall | Tcheck | Ttotal | Status | Flags |
---|---|---|---|---|---|---|
r-devel-linux-x86_64-debian-clang | 2.9 | 4.54 | 32.41 | 36.95 | OK | |
r-devel-linux-x86_64-debian-gcc | 2.9 | 3.47 | 24.73 | 28.20 | OK | |
r-devel-linux-x86_64-fedora-clang | 2.9 | 56.95 | OK | |||
r-devel-linux-x86_64-fedora-gcc | 2.9 | 54.93 | OK | |||
r-devel-macos-arm64 | 2.9 | 21.00 | OK | |||
r-devel-macos-x86_64 | 2.9 | 36.00 | OK | |||
r-devel-windows-x86_64 | 2.9 | 7.00 | 59.00 | 66.00 | OK | |
r-patched-linux-x86_64 | 2.9 | 4.62 | 30.76 | 35.38 | OK | |
r-release-linux-x86_64 | 2.9 | 4.25 | 30.97 | 35.22 | OK | |
r-release-macos-arm64 | 2.9 | 21.00 | NOTE | |||
r-release-macos-x86_64 | 2.9 | 31.00 | NOTE | |||
r-release-windows-x86_64 | 2.9 | 6.00 | 48.00 | 54.00 | NOTE | |
r-oldrel-macos-arm64 | 2.9 | 28.00 | NOTE | |||
r-oldrel-macos-x86_64 | 2.9 | 53.00 | NOTE | |||
r-oldrel-windows-x86_64 | 2.9 | 9.00 | 58.00 | 67.00 | NOTE |
Version: 2.9
Check: installed package size
Result: NOTE
installed size is 20.2Mb
sub-directories of 1Mb or more:
cont 20.1Mb
Flavors: r-release-macos-arm64, r-release-macos-x86_64, r-release-windows-x86_64, r-oldrel-macos-arm64, r-oldrel-macos-x86_64, r-oldrel-windows-x86_64