Last updated on 2025-05-08 09:54:11 CEST.
Flavor | Version | Tinstall | Tcheck | Ttotal | Status | Flags |
---|---|---|---|---|---|---|
r-devel-linux-x86_64-debian-clang | 3.8.1 | 8.13 | 101.64 | 109.77 | NOTE | |
r-devel-linux-x86_64-debian-gcc | 3.8.1 | 5.94 | 79.26 | 85.20 | NOTE | |
r-devel-linux-x86_64-fedora-clang | 3.8.1 | 189.44 | OK | |||
r-devel-linux-x86_64-fedora-gcc | 3.8.1 | 199.91 | OK | |||
r-devel-windows-x86_64 | 3.8.1 | 9.00 | 123.00 | 132.00 | NOTE | |
r-patched-linux-x86_64 | 3.8.1 | 7.90 | 99.00 | 106.90 | NOTE | |
r-release-linux-x86_64 | 3.8.1 | 6.44 | 99.22 | 105.66 | NOTE | |
r-release-macos-arm64 | 3.8.1 | 68.00 | OK | |||
r-release-macos-x86_64 | 3.8.1 | 112.00 | OK | |||
r-release-windows-x86_64 | 3.8.1 | 9.00 | 122.00 | 131.00 | NOTE | |
r-oldrel-macos-arm64 | 3.8.1 | 56.00 | OK | |||
r-oldrel-macos-x86_64 | 3.8.1 | 118.00 | OK | |||
r-oldrel-windows-x86_64 | 3.8.1 | 11.00 | 144.00 | 155.00 | OK |
Version: 3.8.1
Check: Rd cross-references
Result: NOTE
Found the following Rd file(s) with Rd \link{} targets missing package
anchors:
get.fingerprint.Rd: fingerprint-class, featvec-class
Please provide package anchors for all Rd \link{} targets not in the
package itself and the base packages.
Flavors: r-devel-linux-x86_64-debian-clang, r-devel-linux-x86_64-debian-gcc, r-devel-windows-x86_64, r-patched-linux-x86_64, r-release-linux-x86_64, r-release-windows-x86_64