Last updated on 2025-02-16 09:50:50 CET.
Flavor | Version | Tinstall | Tcheck | Ttotal | Status | Flags |
---|---|---|---|---|---|---|
r-devel-linux-x86_64-debian-clang | 0.1.0 | 28.42 | 386.20 | 414.62 | NOTE | |
r-devel-linux-x86_64-debian-gcc | 0.1.0 | 18.49 | 238.75 | 257.24 | NOTE | |
r-devel-linux-x86_64-fedora-clang | 0.1.0 | 672.05 | OK | |||
r-devel-linux-x86_64-fedora-gcc | 0.1.0 | 626.90 | OK | |||
r-devel-macos-arm64 | 0.1.0 | 151.00 | OK | |||
r-devel-macos-x86_64 | 0.1.0 | 372.00 | OK | |||
r-devel-windows-x86_64 | 0.1.0 | 26.00 | 284.00 | 310.00 | NOTE | |
r-patched-linux-x86_64 | 0.1.0 | 32.30 | 351.75 | 384.05 | OK | |
r-release-linux-x86_64 | 0.1.0 | 25.78 | 350.51 | 376.29 | OK | |
r-release-macos-arm64 | 0.1.0 | 138.00 | OK | |||
r-release-macos-x86_64 | 0.1.0 | 278.00 | OK | |||
r-release-windows-x86_64 | 0.1.0 | 24.00 | 285.00 | 309.00 | OK | |
r-oldrel-macos-arm64 | 0.1.0 | 150.00 | OK | |||
r-oldrel-macos-x86_64 | 0.1.0 | 290.00 | OK | |||
r-oldrel-windows-x86_64 | 0.1.0 | 32.00 | 367.00 | 399.00 | OK |
Version: 0.1.0
Check: Rd cross-references
Result: NOTE
Found the following Rd file(s) with Rd \link{} targets missing package
anchors:
rbgm-package.Rd: SpatialPolygonsDataFrame, SpatialLinesDataFrame
Please provide package anchors for all Rd \link{} targets not in the
package itself and the base packages.
Flavors: r-devel-linux-x86_64-debian-clang, r-devel-linux-x86_64-debian-gcc, r-devel-windows-x86_64