CRAN Package Check Results for Package raven.rdf

Last updated on 2025-04-15 09:52:29 CEST.

Flavor Version Tinstall Tcheck Ttotal Status Flags
r-devel-linux-x86_64-debian-clang 0.2.0 2.67 20.12 22.79 OK
r-devel-linux-x86_64-debian-gcc 0.2.0 1.92 15.48 17.40 OK
r-devel-linux-x86_64-fedora-clang 0.2.0 40.24 OK
r-devel-linux-x86_64-fedora-gcc 0.2.0 34.94 OK
r-devel-windows-x86_64 0.2.0 3.00 40.00 43.00 OK
r-patched-linux-x86_64 0.2.0 2.77 19.80 22.57 OK
r-release-linux-x86_64 0.2.0 2.46 19.81 22.27 OK
r-release-macos-arm64 0.2.0 14.00 OK
r-release-macos-x86_64 0.2.0 24.00 OK
r-release-windows-x86_64 0.2.0 5.00 40.00 45.00 OK
r-oldrel-macos-arm64 0.2.0 14.00 NOTE
r-oldrel-macos-x86_64 0.2.0 21.00 NOTE
r-oldrel-windows-x86_64 0.2.0 4.00 43.00 47.00 NOTE

Check Details

Version: 0.2.0
Check: LazyData
Result: NOTE 'LazyData' is specified without a 'data' directory Flavors: r-oldrel-macos-arm64, r-oldrel-macos-x86_64, r-oldrel-windows-x86_64