Last updated on 2025-02-06 09:52:39 CET.
Flavor | Version | Tinstall | Tcheck | Ttotal | Status | Flags |
---|---|---|---|---|---|---|
r-devel-linux-x86_64-debian-clang | 0.1.1 | 1.68 | 20.02 | 21.70 | OK | |
r-devel-linux-x86_64-debian-gcc | 0.1.1 | 1.31 | 16.20 | 17.51 | OK | |
r-devel-linux-x86_64-fedora-clang | 0.1.1 | 35.41 | OK | |||
r-devel-linux-x86_64-fedora-gcc | 0.1.1 | 33.20 | OK | |||
r-devel-windows-x86_64 | 0.1.1 | 3.00 | 43.00 | 46.00 | OK | |
r-patched-linux-x86_64 | 0.1.1 | 1.74 | 19.34 | 21.08 | NOTE | |
r-release-linux-x86_64 | 0.1.1 | 1.63 | 19.24 | 20.87 | NOTE | |
r-release-macos-arm64 | 0.1.1 | 14.00 | NOTE | |||
r-release-macos-x86_64 | 0.1.1 | 22.00 | NOTE | |||
r-release-windows-x86_64 | 0.1.1 | 3.00 | 42.00 | 45.00 | NOTE | |
r-oldrel-macos-arm64 | 0.1.1 | 15.00 | NOTE | |||
r-oldrel-macos-x86_64 | 0.1.1 | 20.00 | NOTE | |||
r-oldrel-windows-x86_64 | 0.1.1 | 3.00 | 42.00 | 45.00 | NOTE |
Version: 0.1.1
Check: LazyData
Result: NOTE
'LazyData' is specified without a 'data' directory
Flavors: r-patched-linux-x86_64, r-release-linux-x86_64, r-release-macos-arm64, r-release-macos-x86_64, r-release-windows-x86_64, r-oldrel-macos-arm64, r-oldrel-macos-x86_64, r-oldrel-windows-x86_64