CRAN Package Check Results for Package rafalib

Last updated on 2025-02-16 09:50:50 CET.

Flavor Version Tinstall Tcheck Ttotal Status Flags
r-devel-linux-x86_64-debian-clang 1.0.0 1.82 19.13 20.95 NOTE
r-devel-linux-x86_64-debian-gcc 1.0.0 1.47 15.50 16.97 NOTE
r-devel-linux-x86_64-fedora-clang 1.0.0 34.80 OK
r-devel-linux-x86_64-fedora-gcc 1.0.0 32.57 OK
r-devel-macos-arm64 1.0.0 17.00 OK
r-devel-macos-x86_64 1.0.0 29.00 OK
r-devel-windows-x86_64 1.0.0 3.00 43.00 46.00 NOTE
r-patched-linux-x86_64 1.0.0 2.34 18.48 20.82 NOTE
r-release-linux-x86_64 1.0.0 1.88 18.39 20.27 NOTE
r-release-macos-arm64 1.0.0 21.00 NOTE
r-release-macos-x86_64 1.0.0 28.00 NOTE
r-release-windows-x86_64 1.0.0 2.00 42.00 44.00 NOTE
r-oldrel-macos-arm64 1.0.0 17.00 NOTE
r-oldrel-macos-x86_64 1.0.0 22.00 NOTE
r-oldrel-windows-x86_64 1.0.0 3.00 42.00 45.00 NOTE

Check Details

Version: 1.0.0
Check: Rd cross-references
Result: NOTE Found the following Rd file(s) with Rd \link{} targets missing package anchors: mypar.Rd: brewer.pal Please provide package anchors for all Rd \link{} targets not in the package itself and the base packages. Flavors: r-devel-linux-x86_64-debian-clang, r-devel-linux-x86_64-debian-gcc, r-devel-windows-x86_64

Version: 1.0.0
Check: LazyData
Result: NOTE 'LazyData' is specified without a 'data' directory Flavors: r-patched-linux-x86_64, r-release-linux-x86_64, r-release-macos-arm64, r-release-macos-x86_64, r-release-windows-x86_64, r-oldrel-macos-arm64, r-oldrel-macos-x86_64, r-oldrel-windows-x86_64