Last updated on 2025-05-09 09:51:53 CEST.
Flavor | Version | Tinstall | Tcheck | Ttotal | Status | Flags |
---|---|---|---|---|---|---|
r-devel-linux-x86_64-debian-clang | 1.0.9 | 4.05 | 31.79 | 35.84 | NOTE | |
r-devel-linux-x86_64-debian-gcc | 1.0.9 | 2.98 | 23.81 | 26.79 | NOTE | |
r-devel-linux-x86_64-fedora-clang | 1.0.9 | 56.47 | OK | |||
r-devel-linux-x86_64-fedora-gcc | 1.0.9 | 54.86 | OK | |||
r-devel-windows-x86_64 | 1.0.9 | 5.00 | 51.00 | 56.00 | OK | |
r-patched-linux-x86_64 | 1.0.9 | 3.99 | 30.42 | 34.41 | OK | |
r-release-linux-x86_64 | 1.0.9 | 3.71 | 30.22 | 33.93 | OK | |
r-release-macos-arm64 | 1.0.9 | 22.00 | OK | |||
r-release-macos-x86_64 | 1.0.9 | 35.00 | OK | |||
r-release-windows-x86_64 | 1.0.9 | 4.00 | 53.00 | 57.00 | OK | |
r-oldrel-macos-arm64 | 1.0.9 | 20.00 | OK | |||
r-oldrel-macos-x86_64 | 1.0.9 | 37.00 | OK | |||
r-oldrel-windows-x86_64 | 1.0.9 | 6.00 | 56.00 | 62.00 | OK |
Version: 1.0.9
Check: CRAN incoming feasibility
Result: NOTE
Maintainer: ‘Haydar Demirhan <haydar.demirhan@rmit.edu.au>’
No Authors@R field in DESCRIPTION.
Please add one, modifying
Authors@R: person(given = "Haydar",
family = "Demirhan",
role = c("aut", "cre"),
email = "haydar.demirhan@rmit.edu.au")
as necessary.
Flavors: r-devel-linux-x86_64-debian-clang, r-devel-linux-x86_64-debian-gcc