Last updated on 2025-02-16 09:50:50 CET.
Flavor | Version | Tinstall | Tcheck | Ttotal | Status | Flags |
---|---|---|---|---|---|---|
r-devel-linux-x86_64-debian-clang | 0.1.1 | 6.66 | 85.87 | 92.53 | NOTE | |
r-devel-linux-x86_64-debian-gcc | 0.1.1 | 4.98 | 59.43 | 64.41 | NOTE | |
r-devel-linux-x86_64-fedora-clang | 0.1.1 | 146.99 | NOTE | |||
r-devel-linux-x86_64-fedora-gcc | 0.1.1 | 148.44 | NOTE | |||
r-devel-macos-arm64 | 0.1.1 | 56.00 | OK | |||
r-devel-macos-x86_64 | 0.1.1 | 95.00 | NOTE | |||
r-devel-windows-x86_64 | 0.1.1 | 8.00 | 108.00 | 116.00 | NOTE | |
r-patched-linux-x86_64 | 0.1.1 | 6.71 | 78.55 | 85.26 | OK | |
r-release-linux-x86_64 | 0.1.1 | 6.45 | 78.38 | 84.83 | OK | |
r-release-macos-arm64 | 0.1.1 | 49.00 | OK | |||
r-release-macos-x86_64 | 0.1.1 | 74.00 | OK | |||
r-release-windows-x86_64 | 0.1.1 | 9.00 | 106.00 | 115.00 | OK | |
r-oldrel-macos-arm64 | 0.1.1 | 60.00 | OK | |||
r-oldrel-macos-x86_64 | 0.1.1 | 99.00 | OK | |||
r-oldrel-windows-x86_64 | 0.1.1 | 10.00 | 117.00 | 127.00 | OK |
Version: 0.1.1
Check: DESCRIPTION meta-information
Result: NOTE
Missing dependency on R >= 4.1.0 because package code uses the pipe
|> or function shorthand \(...) syntax added in R 4.1.0.
File(s) using such syntax:
‘2d.R’ ‘geom_trimesh.R’ ‘highd.R’ ‘model.R’ ‘parameters.R’
‘prediction.R’ ‘stat_trimesh.R’
Flavors: r-devel-linux-x86_64-debian-clang, r-devel-linux-x86_64-debian-gcc, r-devel-linux-x86_64-fedora-clang, r-devel-linux-x86_64-fedora-gcc, r-devel-macos-x86_64, r-devel-windows-x86_64