Last updated on 2025-02-18 09:50:47 CET.
Flavor | Version | Tinstall | Tcheck | Ttotal | Status | Flags |
---|---|---|---|---|---|---|
r-devel-linux-x86_64-debian-clang | 1.19 | 12.47 | 57.46 | 69.93 | NOTE | |
r-devel-linux-x86_64-debian-gcc | 1.19 | 8.97 | 39.31 | 48.28 | NOTE | |
r-devel-linux-x86_64-fedora-clang | 1.19 | 116.06 | NOTE | |||
r-devel-linux-x86_64-fedora-gcc | 1.19 | 108.59 | NOTE | |||
r-devel-macos-arm64 | 1.19 | 35.00 | NOTE | |||
r-devel-macos-x86_64 | 1.19 | 76.00 | NOTE | |||
r-devel-windows-x86_64 | 1.19 | 15.00 | 86.00 | 101.00 | NOTE | |
r-patched-linux-x86_64 | 1.19 | 12.75 | 53.61 | 66.36 | NOTE | |
r-release-linux-x86_64 | 1.19 | 13.46 | 53.64 | 67.10 | NOTE | |
r-release-macos-arm64 | 1.19 | 36.00 | NOTE | |||
r-release-macos-x86_64 | 1.19 | 62.00 | NOTE | |||
r-release-windows-x86_64 | 1.19 | 14.00 | 87.00 | 101.00 | NOTE | |
r-oldrel-macos-arm64 | 1.19 | 35.00 | NOTE | |||
r-oldrel-macos-x86_64 | 1.19 | 57.00 | NOTE | |||
r-oldrel-windows-x86_64 | 1.19 | 12.00 | 118.00 | 130.00 | NOTE |
Version: 1.19
Check: package subdirectories
Result: NOTE
Problems with news in ‘NEWS.md’:
No news entries found.
Flavors: r-devel-linux-x86_64-debian-clang, r-devel-linux-x86_64-debian-gcc, r-devel-linux-x86_64-fedora-clang, r-devel-linux-x86_64-fedora-gcc, r-devel-macos-arm64, r-devel-macos-x86_64, r-devel-windows-x86_64, r-patched-linux-x86_64, r-release-linux-x86_64, r-release-macos-arm64, r-release-macos-x86_64, r-release-windows-x86_64, r-oldrel-macos-arm64, r-oldrel-macos-x86_64, r-oldrel-windows-x86_64