Last updated on 2025-02-16 09:50:49 CET.
Flavor | Version | Tinstall | Tcheck | Ttotal | Status | Flags |
---|---|---|---|---|---|---|
r-devel-linux-x86_64-debian-clang | 1.1 | 15.17 | 137.77 | 152.94 | OK | |
r-devel-linux-x86_64-debian-gcc | 1.1 | 8.77 | 101.93 | 110.70 | OK | |
r-devel-linux-x86_64-fedora-clang | 1.1 | 257.75 | NOTE | |||
r-devel-linux-x86_64-fedora-gcc | 1.1 | 244.89 | OK | |||
r-devel-macos-arm64 | 1.1 | 89.00 | OK | |||
r-devel-macos-x86_64 | 1.1 | 142.00 | OK | |||
r-devel-windows-x86_64 | 1.1 | 15.00 | 152.00 | 167.00 | OK | |
r-patched-linux-x86_64 | 1.1 | 12.63 | 129.60 | 142.23 | OK | |
r-release-linux-x86_64 | 1.1 | 13.09 | 129.46 | 142.55 | OK | |
r-release-macos-arm64 | 1.1 | 80.00 | OK | |||
r-release-macos-x86_64 | 1.1 | 114.00 | OK | |||
r-release-windows-x86_64 | 1.1 | 16.00 | 153.00 | 169.00 | OK | |
r-oldrel-macos-arm64 | 1.1 | 83.00 | OK | |||
r-oldrel-macos-x86_64 | 1.1 | 148.00 | OK | |||
r-oldrel-windows-x86_64 | 1.1 | 20.00 | 203.00 | 223.00 | OK |
Version: 1.1
Check: whether startup messages can be suppressed
Result: NOTE
OMP: Warning #96: Cannot form a team with 24 threads, using 2 instead.
OMP: Hint Consider unsetting KMP_DEVICE_THREAD_LIMIT (KMP_ALL_THREADS), KMP_TEAMS_THREAD_LIMIT, and OMP_THREAD_LIMIT (if any are set).
It looks like this package (or a package it requires) has a startup
message which cannot be suppressed: see ?packageStartupMessage.
Flavor: r-devel-linux-x86_64-fedora-clang