Last updated on 2025-02-24 09:50:58 CET.
Flavor | Version | Tinstall | Tcheck | Ttotal | Status | Flags |
---|---|---|---|---|---|---|
r-devel-linux-x86_64-debian-clang | 7.1-1 | 7.72 | 19.54 | 27.26 | OK | |
r-devel-linux-x86_64-debian-gcc | 7.1-1 | 6.97 | 16.22 | 23.19 | OK | |
r-devel-linux-x86_64-fedora-clang | 7.1-1 | 44.47 | OK | |||
r-devel-linux-x86_64-fedora-gcc | 7.1-1 | 41.82 | OK | |||
r-devel-macos-arm64 | 7.1-1 | 22.00 | OK | |||
r-devel-macos-x86_64 | 7.1-1 | 34.00 | OK | |||
r-devel-windows-x86_64 | 7.1-1 | 9.00 | 45.00 | 54.00 | OK | |
r-patched-linux-x86_64 | 7.1-1 | 7.66 | 18.86 | 26.52 | OK | |
r-release-linux-x86_64 | 7.1-1 | 7.54 | 18.68 | 26.22 | OK | |
r-release-macos-arm64 | 7.1-1 | 21.00 | NOTE | |||
r-release-macos-x86_64 | 7.1-1 | 28.00 | NOTE | |||
r-release-windows-x86_64 | 7.1-1 | 9.00 | 45.00 | 54.00 | NOTE | |
r-oldrel-macos-arm64 | 7.1-1 | 21.00 | NOTE | |||
r-oldrel-macos-x86_64 | 7.1-1 | 31.00 | NOTE | |||
r-oldrel-windows-x86_64 | 7.1-1 | 10.00 | 43.00 | 53.00 | NOTE |
Version: 7.1-1
Check: installed package size
Result: NOTE
installed size is 7.3Mb
sub-directories of 1Mb or more:
data 7.2Mb
Flavors: r-release-macos-arm64, r-release-macos-x86_64, r-release-windows-x86_64, r-oldrel-macos-arm64, r-oldrel-macos-x86_64, r-oldrel-windows-x86_64