Last updated on 2025-02-24 09:50:58 CET.
Flavor | Version | Tinstall | Tcheck | Ttotal | Status | Flags |
---|---|---|---|---|---|---|
r-devel-linux-x86_64-debian-clang | 1.1.1 | 45.80 | 29.03 | 74.83 | NOTE | |
r-devel-linux-x86_64-debian-gcc | 1.1.1 | 37.54 | 26.26 | 63.80 | NOTE | |
r-devel-linux-x86_64-fedora-clang | 1.1.1 | 121.38 | NOTE | |||
r-devel-linux-x86_64-fedora-gcc | 1.1.1 | 158.49 | NOTE | |||
r-devel-macos-arm64 | 1.1.1 | 39.00 | OK | |||
r-devel-macos-x86_64 | 1.1.1 | 80.00 | OK | |||
r-devel-windows-x86_64 | 1.1.1 | 43.00 | 70.00 | 113.00 | OK | |
r-patched-linux-x86_64 | 1.1.1 | 51.89 | 30.75 | 82.64 | OK | |
r-release-linux-x86_64 | 1.1.1 | 53.74 | 31.15 | 84.89 | OK | |
r-release-macos-arm64 | 1.1.1 | 46.00 | NOTE | |||
r-release-macos-x86_64 | 1.1.1 | 80.00 | NOTE | |||
r-release-windows-x86_64 | 1.1.1 | 46.00 | 70.00 | 116.00 | OK | |
r-oldrel-macos-arm64 | 1.1.1 | 45.00 | NOTE | |||
r-oldrel-macos-x86_64 | 1.1.1 | 68.00 | NOTE | |||
r-oldrel-windows-x86_64 | 1.1.1 | 52.00 | 80.00 | 132.00 | OK |
Version: 1.1.1
Check: for unstated dependencies in ‘demo’
Result: NOTE
'library' or 'require' calls not declared from:
‘Hmisc’ ‘car’ ‘dplyr’ ‘ggplot2’
Flavors: r-devel-linux-x86_64-debian-clang, r-devel-linux-x86_64-debian-gcc
Version: 1.1.1
Check: dependencies in R code
Result: NOTE
Namespaces in Imports field not imported from:
‘Rcpp’ ‘RcppEigen’
All declared Imports should be used.
Flavors: r-devel-linux-x86_64-fedora-clang, r-devel-linux-x86_64-fedora-gcc
Version: 1.1.1
Check: installed package size
Result: NOTE
installed size is 23.4Mb
sub-directories of 1Mb or more:
libs 23.2Mb
Flavors: r-release-macos-arm64, r-release-macos-x86_64, r-oldrel-macos-arm64, r-oldrel-macos-x86_64