CRAN Package Check Results for Package psborrow2

Last updated on 2025-04-15 09:52:29 CEST.

Flavor Version Tinstall Tcheck Ttotal Status Flags
r-devel-linux-x86_64-debian-clang 0.0.4.0 14.45 123.84 138.29 OK
r-devel-linux-x86_64-debian-gcc 0.0.4.0 10.60 87.13 97.73 OK
r-devel-linux-x86_64-fedora-clang 0.0.4.0 227.96 OK
r-devel-linux-x86_64-fedora-gcc 0.0.4.0 237.96 OK
r-devel-windows-x86_64 0.0.4.0 15.00 161.00 176.00 OK
r-patched-linux-x86_64 0.0.4.0 16.62 118.78 135.40 OK
r-release-linux-x86_64 0.0.4.0 13.00 117.82 130.82 OK
r-release-macos-arm64 0.0.4.0 77.00 OK
r-release-macos-x86_64 0.0.4.0 148.00 OK
r-release-windows-x86_64 0.0.4.0 18.00 159.00 177.00 OK
r-oldrel-macos-arm64 0.0.4.0 71.00 NOTE
r-oldrel-macos-x86_64 0.0.4.0 145.00 NOTE
r-oldrel-windows-x86_64 0.0.4.0 21.00 195.00 216.00 NOTE

Check Details

Version: 0.0.4.0
Check: package dependencies
Result: NOTE Package suggested but not available for checking: ‘cmdstanr’ Flavors: r-oldrel-macos-arm64, r-oldrel-macos-x86_64, r-oldrel-windows-x86_64

Version: 0.0.4.0
Check: installed package size
Result: NOTE installed size is 5.4Mb sub-directories of 1Mb or more: doc 3.9Mb Flavors: r-oldrel-macos-arm64, r-oldrel-macos-x86_64, r-oldrel-windows-x86_64