Last updated on 2025-07-12 09:49:27 CEST.
Flavor | Version | Tinstall | Tcheck | Ttotal | Status | Flags |
---|---|---|---|---|---|---|
r-devel-linux-x86_64-debian-clang | 0.1.3 | 53.68 | 426.27 | 479.95 | NOTE | |
r-devel-linux-x86_64-debian-gcc | 0.1.3 | 38.33 | 298.30 | 336.63 | NOTE | |
r-devel-linux-x86_64-fedora-clang | 0.1.3 | 769.97 | OK | |||
r-devel-linux-x86_64-fedora-gcc | 0.1.3 | 732.03 | OK | |||
r-devel-windows-x86_64 | 0.1.3 | 55.00 | 345.00 | 400.00 | OK | |
r-patched-linux-x86_64 | 0.1.3 | 50.50 | 403.05 | 453.55 | OK | |
r-release-linux-x86_64 | 0.1.3 | 47.76 | 401.00 | 448.76 | OK | |
r-release-macos-arm64 | 0.1.3 | 210.00 | OK | |||
r-release-macos-x86_64 | 0.1.3 | 355.00 | OK | |||
r-release-windows-x86_64 | 0.1.3 | 56.00 | 342.00 | 398.00 | OK | |
r-oldrel-macos-arm64 | 0.1.3 | 180.00 | OK | |||
r-oldrel-macos-x86_64 | 0.1.3 | 278.00 | OK | |||
r-oldrel-windows-x86_64 | 0.1.3 | 71.00 | 443.00 | 514.00 | OK |
Version: 0.1.3
Check: CRAN incoming feasibility
Result: NOTE
Maintainer: ‘Junwei Han <hanjunwei1981@163.com>’
No Authors@R field in DESCRIPTION.
Please add one, modifying
Authors@R: c(person(given = "Xudong",
family = "Han",
role = "aut"),
person(given = "Junwei",
family = "Han",
role = c("aut", "cre"),
email = "hanjunwei1981@163.com"),
person(given = "Qing",
family = "Fei",
role = "aut"))
as necessary.
Flavors: r-devel-linux-x86_64-debian-clang, r-devel-linux-x86_64-debian-gcc