CRAN Package Check Results for Package proxy

Last updated on 2025-05-08 09:54:10 CEST.

Flavor Version Tinstall Tcheck Ttotal Status Flags
r-devel-linux-x86_64-debian-clang 0.4-27 5.14 31.86 37.00 NOTE
r-devel-linux-x86_64-debian-gcc 0.4-27 3.65 24.22 27.87 NOTE
r-devel-linux-x86_64-fedora-clang 0.4-27 58.19 NOTE
r-devel-linux-x86_64-fedora-gcc 0.4-27 69.81 NOTE
r-devel-windows-x86_64 0.4-27 10.00 68.00 78.00 NOTE
r-patched-linux-x86_64 0.4-27 4.66 29.98 34.64 NOTE
r-release-linux-x86_64 0.4-27 4.91 30.34 35.25 NOTE
r-release-macos-arm64 0.4-27 29.00 NOTE
r-release-macos-x86_64 0.4-27 53.00 NOTE
r-release-windows-x86_64 0.4-27 11.00 75.00 86.00 NOTE
r-oldrel-macos-arm64 0.4-27 33.00 OK
r-oldrel-macos-x86_64 0.4-27 45.00 OK
r-oldrel-windows-x86_64 0.4-27 10.00 73.00 83.00 OK

Check Details

Version: 0.4-27
Check: compiled code
Result: NOTE File ‘proxy/libs/proxy.so’: Found non-API calls to R: ‘OBJECT’, ‘Rf_NonNullStringMatch’ Compiled code should not call non-API entry points in R. See ‘Writing portable packages’ in the ‘Writing R Extensions’ manual, and section ‘Moving into C API compliance’ for issues with the use of non-API entry points. Flavors: r-devel-linux-x86_64-debian-clang, r-devel-linux-x86_64-debian-gcc, r-devel-linux-x86_64-fedora-clang, r-devel-linux-x86_64-fedora-gcc, r-patched-linux-x86_64, r-release-linux-x86_64, r-release-macos-arm64, r-release-macos-x86_64

Version: 0.4-27
Check: compiled code
Result: NOTE File 'proxy/libs/x64/proxy.dll': Found non-API calls to R: 'OBJECT', 'Rf_NonNullStringMatch' Compiled code should not call non-API entry points in R. See 'Writing portable packages' in the 'Writing R Extensions' manual, and section 'Moving into C API compliance' for issues with the use of non-API entry points. Flavors: r-devel-windows-x86_64, r-release-windows-x86_64