Last updated on 2025-05-08 09:54:09 CEST.
Flavor | Version | Tinstall | Tcheck | Ttotal | Status | Flags |
---|---|---|---|---|---|---|
r-devel-linux-x86_64-debian-clang | 0.4.1 | 2.95 | 39.83 | 42.78 | OK | |
r-devel-linux-x86_64-debian-gcc | 0.4.1 | 1.72 | 31.21 | 32.93 | OK | |
r-devel-linux-x86_64-fedora-clang | 0.4.1 | 66.10 | OK | |||
r-devel-linux-x86_64-fedora-gcc | 0.4.1 | 77.23 | OK | |||
r-devel-windows-x86_64 | 0.4.1 | 5.00 | 64.00 | 69.00 | OK | |
r-patched-linux-x86_64 | 0.4.1 | 2.81 | 38.31 | 41.12 | OK | |
r-release-linux-x86_64 | 0.4.1 | 2.82 | 38.17 | 40.99 | OK | |
r-release-macos-arm64 | 0.4.1 | 38.00 | OK | |||
r-release-macos-x86_64 | 0.4.1 | 63.00 | OK | |||
r-release-windows-x86_64 | 0.4.1 | 5.00 | 72.00 | 77.00 | OK | |
r-oldrel-macos-arm64 | 0.4.1 | 34.00 | NOTE | |||
r-oldrel-macos-x86_64 | 0.4.1 | 47.00 | NOTE | |||
r-oldrel-windows-x86_64 | 0.4.1 | 6.00 | 70.00 | 76.00 | NOTE |
Version: 0.4.1
Check: LazyData
Result: NOTE
'LazyData' is specified without a 'data' directory
Flavors: r-oldrel-macos-arm64, r-oldrel-macos-x86_64, r-oldrel-windows-x86_64