CRAN Package Check Results for Package praise

Last updated on 2025-02-06 09:52:38 CET.

Flavor Version Tinstall Tcheck Ttotal Status Flags
r-devel-linux-x86_64-debian-clang 1.0.0 1.49 19.93 21.42 OK
r-devel-linux-x86_64-debian-gcc 1.0.0 1.37 15.69 17.06 OK
r-devel-linux-x86_64-fedora-clang 1.0.0 34.95 OK
r-devel-linux-x86_64-fedora-gcc 1.0.0 33.05 OK
r-devel-windows-x86_64 1.0.0 2.00 50.00 52.00 OK
r-patched-linux-x86_64 1.0.0 1.20 19.76 20.96 NOTE
r-release-linux-x86_64 1.0.0 1.41 19.42 20.83 NOTE
r-release-macos-arm64 1.0.0 19.00 NOTE
r-release-macos-x86_64 1.0.0 22.00 NOTE
r-release-windows-x86_64 1.0.0 2.00 43.00 45.00 NOTE
r-oldrel-macos-arm64 1.0.0 19.00 NOTE
r-oldrel-macos-x86_64 1.0.0 22.00 NOTE
r-oldrel-windows-x86_64 1.0.0 2.00 46.00 48.00 NOTE

Check Details

Version: 1.0.0
Check: LazyData
Result: NOTE 'LazyData' is specified without a 'data' directory Flavors: r-patched-linux-x86_64, r-release-linux-x86_64, r-release-macos-arm64, r-release-macos-x86_64, r-release-windows-x86_64, r-oldrel-macos-arm64, r-oldrel-macos-x86_64, r-oldrel-windows-x86_64