CRAN Package Check Results for Package ppcor

Last updated on 2025-07-11 09:50:14 CEST.

Flavor Version Tinstall Tcheck Ttotal Status Flags
r-devel-linux-x86_64-debian-clang 1.1 1.65 20.06 21.71 NOTE
r-devel-linux-x86_64-debian-gcc 1.1 1.44 17.05 18.49 NOTE
r-devel-linux-x86_64-fedora-clang 1.1 34.76 OK
r-devel-linux-x86_64-fedora-gcc 1.1 31.42 OK
r-devel-windows-x86_64 1.1 4.00 42.00 46.00 OK
r-patched-linux-x86_64 1.1 1.69 18.72 20.41 OK
r-release-linux-x86_64 1.1 1.62 18.60 20.22 OK
r-release-macos-arm64 1.1 15.00 OK
r-release-macos-x86_64 1.1 31.00 OK
r-release-windows-x86_64 1.1 4.00 42.00 46.00 OK
r-oldrel-macos-arm64 1.1 20.00 OK
r-oldrel-macos-x86_64 1.1 29.00 OK
r-oldrel-windows-x86_64 1.1 3.00 43.00 46.00 OK

Check Details

Version: 1.1
Check: CRAN incoming feasibility
Result: NOTE Maintainer: ‘Seongho Kim <biostatistician.kim@gmail.com>’ No Authors@R field in DESCRIPTION. Please add one, modifying Authors@R: person(given = "Seongho", family = "Kim", role = c("aut", "cre"), email = "biostatistician.kim@gmail.com") as necessary. Flavors: r-devel-linux-x86_64-debian-clang, r-devel-linux-x86_64-debian-gcc