CRAN Package Check Results for Package population

Last updated on 2025-05-08 09:54:09 CEST.

Flavor Version Tinstall Tcheck Ttotal Status Flags
r-devel-linux-x86_64-debian-clang 0.3 2.99 21.15 24.14 NOTE
r-devel-linux-x86_64-debian-gcc 0.3 2.40 18.02 20.42 NOTE
r-devel-linux-x86_64-fedora-clang 0.3 37.35 NOTE
r-devel-linux-x86_64-fedora-gcc 0.3 36.25 NOTE
r-devel-windows-x86_64 0.3 7.00 45.00 52.00 OK
r-patched-linux-x86_64 0.3 2.81 20.68 23.49 OK
r-release-linux-x86_64 0.3 2.83 20.48 23.31 OK
r-release-macos-arm64 0.3 20.00 OK
r-release-macos-x86_64 0.3 30.00 OK
r-release-windows-x86_64 0.3 8.00 51.00 59.00 OK
r-oldrel-macos-arm64 0.3 21.00 OK
r-oldrel-macos-x86_64 0.3 24.00 OK
r-oldrel-windows-x86_64 0.3 7.00 45.00 52.00 OK

Check Details

Version: 0.3
Check: CRAN incoming feasibility
Result: NOTE Maintainer: ‘Guillaume Chapron <gchapron@carnivoreconservation.org>’ No Authors@R field in DESCRIPTION. Please add one, modifying Authors@R: person(given = "Guillaume", family = "Chapron", role = c("aut", "cre"), email = "gchapron@carnivoreconservation.org") as necessary. Flavors: r-devel-linux-x86_64-debian-clang, r-devel-linux-x86_64-debian-gcc

Version: 0.3
Check: compiled code
Result: NOTE File ‘population/libs/population.so’: Found no calls to: ‘R_registerRoutines’, ‘R_useDynamicSymbols’ It is good practice to register native routines and to disable symbol search. See ‘Writing portable packages’ in the ‘Writing R Extensions’ manual. Flavors: r-devel-linux-x86_64-fedora-clang, r-devel-linux-x86_64-fedora-gcc