Last updated on 2025-05-08 09:54:09 CEST.
Flavor | Version | Tinstall | Tcheck | Ttotal | Status | Flags |
---|---|---|---|---|---|---|
r-devel-linux-x86_64-debian-clang | 2.8 | 4.04 | 46.47 | 50.51 | NOTE | |
r-devel-linux-x86_64-debian-gcc | 2.8 | 3.08 | 31.75 | 34.83 | NOTE | |
r-devel-linux-x86_64-fedora-clang | 2.8 | 77.24 | OK | |||
r-devel-linux-x86_64-fedora-gcc | 2.8 | 75.04 | OK | |||
r-devel-windows-x86_64 | 2.8 | 5.00 | 75.00 | 80.00 | OK | |
r-patched-linux-x86_64 | 2.8 | 5.31 | 43.36 | 48.67 | OK | |
r-release-linux-x86_64 | 2.8 | 3.77 | 43.53 | 47.30 | OK | |
r-release-macos-arm64 | 2.8 | 30.00 | OK | |||
r-release-macos-x86_64 | 2.8 | 49.00 | OK | |||
r-release-windows-x86_64 | 2.8 | 5.00 | 80.00 | 85.00 | OK | |
r-oldrel-macos-arm64 | 2.8 | 24.00 | OK | |||
r-oldrel-macos-x86_64 | 2.8 | 41.00 | OK | |||
r-oldrel-windows-x86_64 | 2.8 | 5.00 | 70.00 | 75.00 | OK |
Version: 2.8
Check: CRAN incoming feasibility
Result: NOTE
Maintainer: ‘Chris Stubben <chris.stubben@hci.utah.edu>’
No Authors@R field in DESCRIPTION.
Please add one, modifying
Authors@R: c(person(given = "Chris",
family = "Stubben",
role = c("aut", "cre"),
email = "chris.stubben@hci.utah.edu"),
person(given = "Brook",
family = "Milligan",
role = "aut"),
person(given = "Patrick",
family = "Nantel",
role = "aut"))
as necessary.
Flavors: r-devel-linux-x86_64-debian-clang, r-devel-linux-x86_64-debian-gcc