Last updated on 2025-05-09 09:51:49 CEST.
Flavor | Version | Tinstall | Tcheck | Ttotal | Status | Flags |
---|---|---|---|---|---|---|
r-devel-linux-x86_64-debian-clang | 0.3.5 | 4.74 | 23.64 | 28.38 | NOTE | |
r-devel-linux-x86_64-debian-gcc | 0.3.5 | 4.33 | 18.74 | 23.07 | NOTE | |
r-devel-linux-x86_64-fedora-clang | 0.3.5 | 45.07 | OK | |||
r-devel-linux-x86_64-fedora-gcc | 0.3.5 | 41.55 | OK | |||
r-devel-windows-x86_64 | 0.3.5 | 5.00 | 44.00 | 49.00 | OK | |
r-patched-linux-x86_64 | 0.3.5 | 4.45 | 22.35 | 26.80 | OK | |
r-release-linux-x86_64 | 0.3.5 | 5.16 | 22.53 | 27.69 | OK | |
r-release-macos-arm64 | 0.3.5 | 19.00 | OK | |||
r-release-macos-x86_64 | 0.3.5 | 32.00 | OK | |||
r-release-windows-x86_64 | 0.3.5 | 5.00 | 44.00 | 49.00 | OK | |
r-oldrel-macos-arm64 | 0.3.5 | 23.00 | OK | |||
r-oldrel-macos-x86_64 | 0.3.5 | 29.00 | OK | |||
r-oldrel-windows-x86_64 | 0.3.5 | 7.00 | 49.00 | 56.00 | OK |
Version: 0.3.5
Check: CRAN incoming feasibility
Result: NOTE
Maintainer: ‘Paul Evangelista <paul.evangelista@westpoint.edu>’
No Authors@R field in DESCRIPTION.
Please add one, modifying
Authors@R: c(person(given = "\"Paul",
family = "Evangelista",
role = "aut",
email = "paul.evangelista@westpoint.edu"),
person(given = "Dave",
family = "Beskow\"",
role = "aut",
email = "david.beskow@westpoint.edu"),
person(given = "Paul",
family = "Evangelista",
role = "cre",
email = "paul.evangelista@westpoint.edu"))
as necessary.
Flavors: r-devel-linux-x86_64-debian-clang, r-devel-linux-x86_64-debian-gcc