Last updated on 2025-02-06 09:52:38 CET.
Flavor | Version | Tinstall | Tcheck | Ttotal | Status | Flags |
---|---|---|---|---|---|---|
r-devel-linux-x86_64-debian-clang | 0.5.1 | 1.59 | 44.85 | 46.44 | NOTE | |
r-devel-linux-x86_64-debian-gcc | 0.5.1 | 1.52 | 33.62 | 35.14 | NOTE | |
r-devel-linux-x86_64-fedora-clang | 0.5.1 | 76.30 | NOTE | |||
r-devel-linux-x86_64-fedora-gcc | 0.5.1 | 85.59 | NOTE | |||
r-devel-windows-x86_64 | 0.5.1 | 3.00 | 62.00 | 65.00 | NOTE | |
r-patched-linux-x86_64 | 0.5.1 | 1.88 | 42.13 | 44.01 | OK | |
r-release-linux-x86_64 | 0.5.1 | 1.80 | 41.52 | 43.32 | OK | |
r-release-macos-arm64 | 0.5.1 | 32.00 | OK | |||
r-release-macos-x86_64 | 0.5.1 | 51.00 | OK | |||
r-release-windows-x86_64 | 0.5.1 | 4.00 | 63.00 | 67.00 | OK | |
r-oldrel-macos-arm64 | 0.5.1 | 35.00 | OK | |||
r-oldrel-macos-x86_64 | 0.5.1 | 51.00 | OK | |||
r-oldrel-windows-x86_64 | 0.5.1 | 3.00 | 67.00 | 70.00 | OK |
Version: 0.5.1
Check: DESCRIPTION meta-information
Result: NOTE
Missing dependency on R >= 4.1.0 because package code uses the pipe
|> or function shorthand \(...) syntax added in R 4.1.0.
File(s) using such syntax:
‘plot_or.R’
Flavors: r-devel-linux-x86_64-debian-clang, r-devel-linux-x86_64-debian-gcc, r-devel-linux-x86_64-fedora-clang, r-devel-linux-x86_64-fedora-gcc, r-devel-windows-x86_64