CRAN Package Check Results for Package plotfunctions

Last updated on 2025-07-17 09:50:58 CEST.

Flavor Version Tinstall Tcheck Ttotal Status Flags
r-devel-linux-x86_64-debian-clang 1.4 4.86 40.97 45.83 NOTE
r-devel-linux-x86_64-debian-gcc 1.4 3.35 30.42 33.77 NOTE
r-devel-linux-x86_64-fedora-clang 1.4 69.83 NOTE
r-devel-linux-x86_64-fedora-gcc 1.4 92.23 NOTE
r-devel-windows-x86_64 1.4 6.00 69.00 75.00 NOTE
r-patched-linux-x86_64 1.4 6.44 38.13 44.57 NOTE
r-release-linux-x86_64 1.4 4.36 38.04 42.40 NOTE
r-release-macos-arm64 1.4 32.00 NOTE
r-release-macos-x86_64 1.4 96.00 NOTE
r-release-windows-x86_64 1.4 5.00 68.00 73.00 NOTE
r-oldrel-macos-arm64 1.4 37.00 NOTE
r-oldrel-macos-x86_64 1.4 53.00 NOTE
r-oldrel-windows-x86_64 1.4 7.00 75.00 82.00 NOTE

Check Details

Version: 1.4
Check: Rd files
Result: NOTE checkRd: (-1) add_bars.Rd:15: Lost braces 15 | When \\code{y0} is not specified, the lowest value of the y-axis is used.} | ^ checkRd: (-1) add_bars.Rd:24: Lost braces 24 | \\code{\\link[graphics]{par}}.} | ^ checkRd: (-1) add_bars.Rd:24: Lost braces 24 | \\code{\\link[graphics]{par}}.} | ^ Flavors: r-devel-linux-x86_64-debian-clang, r-devel-linux-x86_64-debian-gcc, r-devel-linux-x86_64-fedora-clang, r-devel-linux-x86_64-fedora-gcc, r-devel-windows-x86_64, r-patched-linux-x86_64, r-release-linux-x86_64, r-release-macos-arm64, r-release-macos-x86_64, r-release-windows-x86_64, r-oldrel-macos-arm64, r-oldrel-macos-x86_64, r-oldrel-windows-x86_64