Last updated on 2025-02-16 09:50:49 CET.
Flavor | Version | Tinstall | Tcheck | Ttotal | Status | Flags |
---|---|---|---|---|---|---|
r-devel-linux-x86_64-debian-clang | 0.1.9 | 1.92 | 55.51 | 57.43 | OK | |
r-devel-linux-x86_64-debian-gcc | 0.1.9 | 1.36 | 37.03 | 38.39 | OK | |
r-devel-linux-x86_64-fedora-clang | 0.1.9 | 94.18 | NOTE | |||
r-devel-linux-x86_64-fedora-gcc | 0.1.9 | 105.82 | NOTE | |||
r-devel-macos-arm64 | 0.1.9 | 36.00 | OK | |||
r-devel-macos-x86_64 | 0.1.9 | 72.00 | OK | |||
r-devel-windows-x86_64 | 0.1.9 | 4.00 | 68.00 | 72.00 | OK | |
r-patched-linux-x86_64 | 0.1.9 | 1.91 | 50.22 | 52.13 | OK | |
r-release-linux-x86_64 | 0.1.9 | 1.90 | 50.90 | 52.80 | OK | |
r-release-macos-arm64 | 0.1.9 | 33.00 | OK | |||
r-release-macos-x86_64 | 0.1.9 | 54.00 | OK | |||
r-release-windows-x86_64 | 0.1.9 | 4.00 | 72.00 | 76.00 | OK | |
r-oldrel-macos-arm64 | 0.1.9 | 37.00 | OK | |||
r-oldrel-macos-x86_64 | 0.1.9 | 56.00 | OK | |||
r-oldrel-windows-x86_64 | 0.1.9 | 4.00 | 112.00 | 116.00 | OK |
Version: 0.1.9
Check: dependencies in R code
Result: NOTE
Namespace in Imports field not imported from: ‘ggplot2’
All declared Imports should be used.
Flavors: r-devel-linux-x86_64-fedora-clang, r-devel-linux-x86_64-fedora-gcc