CRAN Package Check Results for Package pipeliner

Last updated on 2025-02-16 09:50:49 CET.

Flavor Version Tinstall Tcheck Ttotal Status Flags
r-devel-linux-x86_64-debian-clang 0.1.1 1.87 26.80 28.67 OK
r-devel-linux-x86_64-debian-gcc 0.1.1 1.40 21.08 22.48 OK
r-devel-linux-x86_64-fedora-clang 0.1.1 47.30 OK
r-devel-linux-x86_64-fedora-gcc 0.1.1 58.14 OK
r-devel-macos-arm64 0.1.1 23.00 OK
r-devel-macos-x86_64 0.1.1 66.00 OK
r-devel-windows-x86_64 0.1.1 4.00 50.00 54.00 OK
r-patched-linux-x86_64 0.1.1 1.94 24.85 26.79 NOTE
r-release-linux-x86_64 0.1.1 1.85 25.39 27.24 NOTE
r-release-macos-arm64 0.1.1 24.00 NOTE
r-release-macos-x86_64 0.1.1 35.00 NOTE
r-release-windows-x86_64 0.1.1 4.00 51.00 55.00 NOTE
r-oldrel-macos-arm64 0.1.1 24.00 NOTE
r-oldrel-macos-x86_64 0.1.1 35.00 NOTE
r-oldrel-windows-x86_64 0.1.1 4.00 54.00 58.00 NOTE

Check Details

Version: 0.1.1
Check: LazyData
Result: NOTE 'LazyData' is specified without a 'data' directory Flavors: r-patched-linux-x86_64, r-release-linux-x86_64, r-release-macos-arm64, r-release-macos-x86_64, r-release-windows-x86_64, r-oldrel-macos-arm64, r-oldrel-macos-x86_64, r-oldrel-windows-x86_64