Last updated on 2025-04-15 09:52:28 CEST.
Flavor | Version | Tinstall | Tcheck | Ttotal | Status | Flags |
---|---|---|---|---|---|---|
r-devel-linux-x86_64-debian-clang | 0.4.0 | 40.63 | 27.44 | 68.07 | OK | |
r-devel-linux-x86_64-debian-gcc | 0.4.0 | 31.86 | 22.13 | 53.99 | OK | |
r-devel-linux-x86_64-fedora-clang | 0.4.0 | 134.80 | OK | |||
r-devel-linux-x86_64-fedora-gcc | 0.4.0 | 127.97 | OK | |||
r-devel-windows-x86_64 | 0.4.0 | 84.00 | 113.00 | 197.00 | OK | |
r-patched-linux-x86_64 | 0.4.0 | 42.47 | 27.16 | 69.63 | OK | |
r-release-linux-x86_64 | 0.4.0 | 40.93 | 27.28 | 68.21 | OK | |
r-release-macos-arm64 | 0.4.0 | 42.00 | OK | |||
r-release-macos-x86_64 | 0.4.0 | 56.00 | OK | |||
r-release-windows-x86_64 | 0.4.0 | 89.00 | 79.00 | 168.00 | OK | |
r-oldrel-macos-arm64 | 0.4.0 | 45.00 | NOTE | |||
r-oldrel-macos-x86_64 | 0.4.0 | 64.00 | NOTE | |||
r-oldrel-windows-x86_64 | 0.4.0 | 77.00 | 90.00 | 167.00 | NOTE |
Version: 0.4.0
Check: installed package size
Result: NOTE
installed size is 17.3Mb
sub-directories of 1Mb or more:
include 13.0Mb
libs 4.1Mb
Flavors: r-oldrel-macos-arm64, r-oldrel-macos-x86_64, r-oldrel-windows-x86_64