Last updated on 2025-05-09 09:51:49 CEST.
Flavor | Version | Tinstall | Tcheck | Ttotal | Status | Flags |
---|---|---|---|---|---|---|
r-devel-linux-x86_64-debian-clang | 1.1.4 | 6.25 | 36.73 | 42.98 | NOTE | |
r-devel-linux-x86_64-debian-gcc | 1.1.4 | 3.63 | 25.78 | 29.41 | NOTE | |
r-devel-linux-x86_64-fedora-clang | 1.1.4 | 67.58 | OK | |||
r-devel-linux-x86_64-fedora-gcc | 1.1.4 | 63.87 | OK | |||
r-devel-windows-x86_64 | 1.1.4 | 6.00 | 57.00 | 63.00 | OK | |
r-patched-linux-x86_64 | 1.1.4 | 6.23 | 34.64 | 40.87 | OK | |
r-release-linux-x86_64 | 1.1.4 | 5.57 | 34.44 | 40.01 | OK | |
r-release-macos-arm64 | 1.1.4 | 25.00 | OK | |||
r-release-macos-x86_64 | 1.1.4 | 61.00 | OK | |||
r-release-windows-x86_64 | 1.1.4 | 7.00 | 55.00 | 62.00 | OK | |
r-oldrel-macos-arm64 | 1.1.4 | 22.00 | OK | |||
r-oldrel-macos-x86_64 | 1.1.4 | 55.00 | OK | |||
r-oldrel-windows-x86_64 | 1.1.4 | 9.00 | 62.00 | 71.00 | OK |
Version: 1.1.4
Check: CRAN incoming feasibility
Result: NOTE
Maintainer: ‘Frederic Bertrand <frederic.bertrand@utt.fr>’
No Authors@R field in DESCRIPTION.
Please add one, modifying
Authors@R: c(person(given = "Natalia",
family = "Becker",
role = "aut"),
person(given = "Wiebke",
family = "Werft",
role = "aut"),
person(given = "Axel",
family = "Benner",
role = "aut"),
person(given = "Frederic",
family = "Bertrand",
role = "cre",
email = "frederic.bertrand@utt.fr"))
as necessary.
Flavors: r-devel-linux-x86_64-debian-clang, r-devel-linux-x86_64-debian-gcc